CRAN Package Check Results for Package ISOweek

Last updated on 2025-07-08 13:49:11 CEST.

Flavor Version Tinstall Tcheck Ttotal Status Flags
r-devel-linux-x86_64-debian-clang 0.6-2 2.62 25.18 27.80 NOTE
r-devel-linux-x86_64-debian-gcc 0.6-2 2.06 20.35 22.41 NOTE
r-devel-linux-x86_64-fedora-clang 0.6-2 42.12 OK
r-devel-linux-x86_64-fedora-gcc 0.6-2 39.90 OK
r-devel-windows-x86_64 0.6-2 4.00 46.00 50.00 OK
r-patched-linux-x86_64 0.6-2 2.79 24.09 26.88 OK
r-release-linux-x86_64 0.6-2 2.01 23.70 25.71 OK
r-release-macos-arm64 0.6-2 20.00 OK
r-release-macos-x86_64 0.6-2 33.00 OK
r-release-windows-x86_64 0.6-2 4.00 46.00 50.00 OK
r-oldrel-macos-arm64 0.6-2 19.00 OK
r-oldrel-macos-x86_64 0.6-2 25.00 OK
r-oldrel-windows-x86_64 0.6-2 4.00 50.00 54.00 OK

Check Details

Version: 0.6-2
Check: CRAN incoming feasibility
Result: NOTE Maintainer: ‘Uwe Block <u.block.mz@googlemail.com>’ No Authors@R field in DESCRIPTION. Please add one, modifying Authors@R: c(person(given = "Uwe", family = "Block", role = c("aut", "cre"), email = "u.block.mz@googlemail.com"), person(given = c("using", "an", "algorithm", "by", "Hatto"), family = "von Hatzfeld", role = "aut", email = "hatto@salesianer.de")) as necessary. Flavors: r-devel-linux-x86_64-debian-clang, r-devel-linux-x86_64-debian-gcc