Last updated on 2024-08-17 02:48:16 CEST.
Flavor | Version | Tinstall | Tcheck | Ttotal | Status | Flags |
---|---|---|---|---|---|---|
r-devel-linux-x86_64-debian-clang | 0.12.7.1 | 2.49 | 28.25 | 30.74 | NOTE | |
r-devel-linux-x86_64-debian-gcc | 0.12.7.1 | 2.06 | 20.38 | 22.44 | NOTE | |
r-devel-linux-x86_64-fedora-clang | 0.12.7.1 | 49.64 | OK | |||
r-devel-linux-x86_64-fedora-gcc | 0.12.7.1 | 45.77 | OK | |||
r-devel-windows-x86_64 | 0.12.7.1 | 4.00 | 63.00 | 67.00 | NOTE | |
r-patched-linux-x86_64 | 0.12.7.1 | 4.36 | 25.89 | 30.25 | OK | |
r-release-linux-x86_64 | 0.12.7.1 | 2.69 | 26.34 | 29.03 | OK | |
r-release-macos-arm64 | 0.12.7.1 | 18.00 | OK | |||
r-release-macos-x86_64 | 0.12.7.1 | 27.00 | OK | |||
r-release-windows-x86_64 | 0.12.7.1 | 4.00 | 62.00 | 66.00 | OK | |
r-oldrel-macos-arm64 | 0.12.7.1 | 21.00 | OK | |||
r-oldrel-macos-x86_64 | 0.12.7.1 | 29.00 | OK | |||
r-oldrel-windows-x86_64 | 0.12.7.1 | 5.00 | 62.00 | 67.00 | OK |
Version: 0.12.7.1
Check: Rd cross-references
Result: NOTE
Found the following Rd file(s) with Rd \link{} targets missing package
anchors:
InPosition-package.Rd: ExPosition
boot.compute.fj.Rd: ExPosition, epPCA, epMCA, supplementaryCols
contingency.data.break.Rd: epCA
epCA.inference.battery.Rd: epGraphs, epCA, coreCA, epMCA
epGPCA.inference.battery.Rd: expo.scale, epGraphs, epGPCA, corePCA,
epPCA
epMCA.inference.battery.Rd: epGraphs, epMCA, coreCA, epCA
epPCA.inference.battery.Rd: expo.scale, epGraphs, epPCA, corePCA,
epGPCA
inGraphs.Rd: prettyGraphs, createColorVectorsByDesign, prettyPlot,
epGraphs
Please provide package anchors for all Rd \link{} targets not in the
package itself and the base packages.
Flavors: r-devel-linux-x86_64-debian-clang, r-devel-linux-x86_64-debian-gcc, r-devel-windows-x86_64