Last updated on 2024-07-18 01:55:33 CEST.
Flavor | Version | Tinstall | Tcheck | Ttotal | Status | Flags |
---|---|---|---|---|---|---|
r-devel-linux-x86_64-debian-clang | 0.1-3 | 21.94 | 178.73 | 200.67 | NOTE | |
r-devel-linux-x86_64-debian-gcc | 0.1-3 | 17.20 | 123.86 | 141.06 | NOTE | |
r-devel-linux-x86_64-fedora-clang | 0.1-3 | 244.82 | NOTE | |||
r-devel-linux-x86_64-fedora-gcc | 0.1-3 | 224.07 | NOTE | |||
r-devel-windows-x86_64 | 0.1-3 | 18.00 | 120.00 | 138.00 | NOTE | |
r-patched-linux-x86_64 | 0.1-3 | 23.66 | 164.38 | 188.04 | NOTE | |
r-release-linux-x86_64 | 0.1-3 | 21.36 | 166.31 | 187.67 | NOTE | |
r-release-macos-arm64 | 0.1-3 | 57.00 | NOTE | |||
r-release-macos-x86_64 | 0.1-3 | 94.00 | NOTE | |||
r-release-windows-x86_64 | 0.1-3 | 17.00 | 121.00 | 138.00 | NOTE | |
r-oldrel-macos-arm64 | 0.1-3 | 63.00 | OK | |||
r-oldrel-macos-x86_64 | 0.1-3 | 107.00 | OK | |||
r-oldrel-windows-x86_64 | 0.1-3 | 23.00 | 148.00 | 171.00 | OK |
Version: 0.1-3
Check: Rd files
Result: NOTE
checkRd: (-1) IndexComp.Rd:69: Lost braces in \itemize; \value handles \item{}{} directly
checkRd: (-1) IndexComp.Rd:70: Lost braces in \itemize; \value handles \item{}{} directly
checkRd: (-1) IndexComp.Rd:71: Lost braces in \itemize; \value handles \item{}{} directly
checkRd: (-1) IndexComp.Rd:72: Lost braces in \itemize; \value handles \item{}{} directly
checkRd: (-1) IndexComp.Rd:73: Lost braces in \itemize; \value handles \item{}{} directly
checkRd: (-1) IndexComp.Rd:74: Lost braces in \itemize; \value handles \item{}{} directly
checkRd: (-1) IndexComp.Rd:78: Lost braces in \itemize; \value handles \item{}{} directly
checkRd: (-1) IndexComp.Rd:79: Lost braces in \itemize; \value handles \item{}{} directly
checkRd: (-1) IndexComp.Rd:80: Lost braces in \itemize; \value handles \item{}{} directly
checkRd: (-1) IndexComp.Rd:81: Lost braces in \itemize; \value handles \item{}{} directly
Flavors: r-devel-linux-x86_64-debian-clang, r-devel-linux-x86_64-debian-gcc, r-devel-linux-x86_64-fedora-clang, r-devel-linux-x86_64-fedora-gcc, r-devel-windows-x86_64, r-patched-linux-x86_64, r-release-linux-x86_64, r-release-macos-arm64, r-release-macos-x86_64, r-release-windows-x86_64