Last updated on 2024-07-18 01:55:34 CEST.
Flavor | Version | Tinstall | Tcheck | Ttotal | Status | Flags |
---|---|---|---|---|---|---|
r-devel-linux-x86_64-debian-clang | 0.1.19 | 23.62 | 196.26 | 219.88 | OK | |
r-devel-linux-x86_64-debian-gcc | 0.1.19 | 15.91 | 146.84 | 162.75 | OK | |
r-devel-linux-x86_64-fedora-clang | 0.1.19 | 272.32 | OK | |||
r-devel-linux-x86_64-fedora-gcc | 0.1.19 | 259.27 | OK | |||
r-devel-windows-x86_64 | 0.1.19 | 18.00 | 175.00 | 193.00 | NOTE | |
r-patched-linux-x86_64 | 0.1.19 | 20.02 | 192.21 | 212.23 | OK | |
r-release-linux-x86_64 | 0.1.19 | 14.26 | 186.87 | 201.13 | OK | |
r-release-macos-arm64 | 0.1.19 | 84.00 | OK | |||
r-release-macos-x86_64 | 0.1.19 | 117.00 | NOTE | |||
r-release-windows-x86_64 | 0.1.19 | 18.00 | 177.00 | 195.00 | OK | |
r-oldrel-macos-arm64 | 0.1.19 | 93.00 | OK | |||
r-oldrel-macos-x86_64 | 0.1.19 | 209.00 | NOTE | |||
r-oldrel-windows-x86_64 | 0.1.19 | 30.00 | 212.00 | 242.00 | OK |
Version: 0.1.19
Check: Rd cross-references
Result: NOTE
Found the following Rd file(s) with Rd \link{} targets missing package
anchors:
SpATS.nogeno.Rd: SAP, PSANOVA, SpATS, controlSpATS
Please provide package anchors for all Rd \link{} targets not in the
package itself and the base packages.
Flavor: r-devel-windows-x86_64
Version: 0.1.19
Check: installed package size
Result: NOTE
installed size is 5.6Mb
sub-directories of 1Mb or more:
data 5.1Mb
Flavors: r-release-macos-x86_64, r-oldrel-macos-x86_64