Last updated on 2024-07-18 01:55:34 CEST.
Flavor | Version | Tinstall | Tcheck | Ttotal | Status | Flags |
---|---|---|---|---|---|---|
r-devel-linux-x86_64-debian-clang | 2.1.0 | 18.26 | 154.08 | 172.34 | OK | |
r-devel-linux-x86_64-debian-gcc | 2.1.0 | 12.82 | 108.38 | 121.20 | OK | |
r-devel-linux-x86_64-fedora-clang | 2.1.0 | 172.87 | OK | |||
r-devel-linux-x86_64-fedora-gcc | 2.1.0 | 194.86 | OK | |||
r-devel-windows-x86_64 | 2.1.0 | 14.00 | 125.00 | 139.00 | NOTE | |
r-patched-linux-x86_64 | 2.1.0 | 16.84 | 144.18 | 161.02 | OK | |
r-release-linux-x86_64 | 2.1.0 | 9.89 | 144.85 | 154.74 | OK | |
r-release-macos-arm64 | 2.1.0 | 57.00 | OK | |||
r-release-macos-x86_64 | 2.1.0 | 106.00 | OK | |||
r-release-windows-x86_64 | 2.1.0 | 14.00 | 124.00 | 138.00 | OK | |
r-oldrel-macos-arm64 | 2.1.0 | 63.00 | OK | |||
r-oldrel-macos-x86_64 | 2.1.0 | 155.00 | OK | |||
r-oldrel-windows-x86_64 | 2.1.0 | 17.00 | 152.00 | 169.00 | OK |
Version: 2.1.0
Check: Rd cross-references
Result: NOTE
Found the following Rd file(s) with Rd \link{} targets missing package
anchors:
convertIBD.Rd: pedtools
logL.UKX.Rd: logL.UK
logLX.Rd: logL
mixMLX.Rd: mixML
pedigreeIBD.Rd: pedtools
wlr.Rd: map.genotypes
Please provide package anchors for all Rd \link{} targets not in the
package itself and the base packages.
Flavor: r-devel-windows-x86_64