Last updated on 2024-07-18 01:55:35 CEST.
Flavor | Version | Tinstall | Tcheck | Ttotal | Status | Flags |
---|---|---|---|---|---|---|
r-devel-linux-x86_64-debian-clang | 1.2 | 6.66 | 60.33 | 66.99 | NOTE | |
r-devel-linux-x86_64-debian-gcc | 1.2 | 5.54 | 45.60 | 51.14 | NOTE | |
r-devel-linux-x86_64-fedora-clang | 1.2 | 87.72 | NOTE | |||
r-devel-linux-x86_64-fedora-gcc | 1.2 | 78.94 | NOTE | |||
r-devel-windows-x86_64 | 1.2 | 7.00 | 70.00 | 77.00 | NOTE | |
r-patched-linux-x86_64 | 1.2 | 4.51 | 56.33 | 60.84 | NOTE | |
r-release-linux-x86_64 | 1.2 | 4.30 | 56.46 | 60.76 | NOTE | |
r-release-macos-arm64 | 1.2 | 28.00 | NOTE | |||
r-release-macos-x86_64 | 1.2 | 39.00 | NOTE | |||
r-release-windows-x86_64 | 1.2 | 8.00 | 71.00 | 79.00 | NOTE | |
r-oldrel-macos-arm64 | 1.2 | 30.00 | NOTE | |||
r-oldrel-macos-x86_64 | 1.2 | 41.00 | NOTE | |||
r-oldrel-windows-x86_64 | 1.2 | 9.00 | 76.00 | 85.00 | NOTE |
Version: 1.2
Check: LazyData
Result: NOTE
'LazyData' is specified without a 'data' directory
Flavors: r-devel-linux-x86_64-debian-clang, r-devel-linux-x86_64-debian-gcc, r-devel-linux-x86_64-fedora-clang, r-devel-linux-x86_64-fedora-gcc, r-devel-windows-x86_64, r-patched-linux-x86_64, r-release-linux-x86_64, r-release-macos-arm64, r-release-macos-x86_64, r-release-windows-x86_64, r-oldrel-macos-arm64, r-oldrel-macos-x86_64, r-oldrel-windows-x86_64