Last updated on 2024-07-18 01:55:35 CEST.
Flavor | Version | Tinstall | Tcheck | Ttotal | Status | Flags |
---|---|---|---|---|---|---|
r-devel-linux-x86_64-debian-clang | 0.1.3 | 8.86 | 85.57 | 94.43 | NOTE | |
r-devel-linux-x86_64-debian-gcc | 0.1.3 | 6.09 | 61.55 | 67.64 | NOTE | |
r-devel-linux-x86_64-fedora-clang | 0.1.3 | 121.49 | NOTE | |||
r-devel-linux-x86_64-fedora-gcc | 0.1.3 | 107.80 | NOTE | |||
r-devel-windows-x86_64 | 0.1.3 | 8.00 | 79.00 | 87.00 | NOTE | |
r-patched-linux-x86_64 | 0.1.3 | 8.65 | 82.06 | 90.71 | NOTE | |
r-release-linux-x86_64 | 0.1.3 | 9.01 | 80.96 | 89.97 | NOTE | |
r-release-macos-arm64 | 0.1.3 | 36.00 | NOTE | |||
r-release-macos-x86_64 | 0.1.3 | 48.00 | NOTE | |||
r-release-windows-x86_64 | 0.1.3 | 9.00 | 80.00 | 89.00 | NOTE | |
r-oldrel-macos-arm64 | 0.1.3 | 35.00 | NOTE | |||
r-oldrel-macos-x86_64 | 0.1.3 | 54.00 | NOTE | |||
r-oldrel-windows-x86_64 | 0.1.3 | 12.00 | 93.00 | 105.00 | NOTE |
Version: 0.1.3
Check: LazyData
Result: NOTE
'LazyData' is specified without a 'data' directory
Flavors: r-devel-linux-x86_64-debian-clang, r-devel-linux-x86_64-debian-gcc, r-devel-linux-x86_64-fedora-clang, r-devel-linux-x86_64-fedora-gcc, r-devel-windows-x86_64, r-patched-linux-x86_64, r-release-linux-x86_64, r-release-macos-arm64, r-release-macos-x86_64, r-release-windows-x86_64, r-oldrel-macos-arm64, r-oldrel-macos-x86_64, r-oldrel-windows-x86_64