CRAN Package Check Results for Package LogRegEquiv

Last updated on 2025-11-06 00:50:43 CET.

Flavor Version Tinstall Tcheck Ttotal Status Flags
r-devel-linux-x86_64-debian-clang 0.1.5 1.89 28.26 30.15 NOTE
r-devel-linux-x86_64-debian-gcc 0.1.5 1.56 22.71 24.27 NOTE
r-devel-linux-x86_64-fedora-clang 0.1.5 48.46 OK
r-devel-linux-x86_64-fedora-gcc 0.1.5 58.58 OK
r-devel-windows-x86_64 0.1.5 4.00 49.00 53.00 OK
r-patched-linux-x86_64 0.1.5 1.79 26.63 28.42 OK
r-release-linux-x86_64 0.1.5 1.58 26.91 28.49 OK
r-release-macos-arm64 0.1.5 1.00 28.00 29.00 OK
r-release-macos-x86_64 0.1.5 2.00 41.00 43.00 OK
r-release-windows-x86_64 0.1.5 4.00 47.00 51.00 OK
r-oldrel-macos-arm64 0.1.5 1.00 23.00 24.00 OK
r-oldrel-macos-x86_64 0.1.5 2.00 33.00 35.00 OK
r-oldrel-windows-x86_64 0.1.5 5.00 57.00 62.00 OK

Check Details

Version: 0.1.5
Check: CRAN incoming feasibility
Result: NOTE Maintainer: ‘Guy Ashiri-Prossner <guy.ashiri@mail.huji.ac.il>’ No Authors@R field in DESCRIPTION. Please add one, modifying Authors@R: person(given = "Guy", family = "Ashiri-Prossner", role = c("aut", "cre"), email = "guy.ashiri@mail.huji.ac.il") as necessary. Flavors: r-devel-linux-x86_64-debian-clang, r-devel-linux-x86_64-debian-gcc