Last updated on 2024-08-16 12:49:13 CEST.
Flavor | Version | Tinstall | Tcheck | Ttotal | Status | Flags |
---|---|---|---|---|---|---|
r-devel-linux-x86_64-debian-clang | 0.5.1 | 8.70 | 83.05 | 91.75 | NOTE | |
r-devel-linux-x86_64-debian-gcc | 0.5.1 | 6.67 | 61.13 | 67.80 | NOTE | |
r-devel-linux-x86_64-fedora-clang | 0.5.1 | 146.50 | OK | |||
r-devel-linux-x86_64-fedora-gcc | 0.5.1 | 152.30 | OK | |||
r-devel-windows-x86_64 | 0.5.1 | 10.00 | 90.00 | 100.00 | NOTE | |
r-patched-linux-x86_64 | 0.5.1 | 15.64 | 77.16 | 92.80 | OK | |
r-release-linux-x86_64 | 0.5.1 | 6.54 | 79.83 | 86.37 | OK | |
r-release-macos-arm64 | 0.5.1 | 50.00 | OK | |||
r-release-macos-x86_64 | 0.5.1 | 71.00 | OK | |||
r-release-windows-x86_64 | 0.5.1 | 9.00 | 91.00 | 100.00 | OK | |
r-oldrel-macos-arm64 | 0.5.1 | 56.00 | OK | |||
r-oldrel-macos-x86_64 | 0.5.1 | 81.00 | OK | |||
r-oldrel-windows-x86_64 | 0.5.1 | 13.00 | 112.00 | 125.00 | OK |
Version: 0.5.1
Check: Rd cross-references
Result: NOTE
Found the following Rd file(s) with Rd \link{} targets missing package
anchors:
mdmr.Rd: davies
mixed.mdmr.Rd: lmer, lme4, davies
Please provide package anchors for all Rd \link{} targets not in the
package itself and the base packages.
Flavors: r-devel-linux-x86_64-debian-clang, r-devel-linux-x86_64-debian-gcc, r-devel-windows-x86_64