Last updated on 2024-07-18 01:55:36 CEST.
Flavor | Version | Tinstall | Tcheck | Ttotal | Status | Flags |
---|---|---|---|---|---|---|
r-devel-linux-x86_64-debian-clang | 0.1-7 | 7.23 | 31.86 | 39.09 | NOTE | |
r-devel-linux-x86_64-debian-gcc | 0.1-7 | 4.65 | 24.72 | 29.37 | NOTE | |
r-devel-linux-x86_64-fedora-clang | 0.1-7 | 47.73 | NOTE | |||
r-devel-linux-x86_64-fedora-gcc | 0.1-7 | 46.87 | NOTE | |||
r-devel-windows-x86_64 | 0.1-7 | 10.00 | 58.00 | 68.00 | NOTE | |
r-patched-linux-x86_64 | 0.1-7 | 6.89 | 31.47 | 38.36 | NOTE | |
r-release-linux-x86_64 | 0.1-7 | 6.02 | 31.16 | 37.18 | NOTE | |
r-release-macos-arm64 | 0.1-7 | 21.00 | NOTE | |||
r-release-macos-x86_64 | 0.1-7 | 37.00 | NOTE | |||
r-release-windows-x86_64 | 0.1-7 | 10.00 | 54.00 | 64.00 | NOTE | |
r-oldrel-macos-arm64 | 0.1-7 | 21.00 | OK | |||
r-oldrel-macos-x86_64 | 0.1-7 | 30.00 | OK | |||
r-oldrel-windows-x86_64 | 0.1-7 | 10.00 | 52.00 | 62.00 | OK |
Version: 0.1-7
Check: Rd files
Result: NOTE
checkRd: (-1) real2canon.rd:9: Lost braces; missing escapes or markup?
9 | (2) All x-coordinates of R1',..,Rn' are distinct, and take values in {1,..,2n}.
| ^
checkRd: (-1) real2canon.rd:10: Lost braces; missing escapes or markup?
10 | (3) All y-coordinates of R1',..,Rn' are distinct, and take values in {1,..,2n}.
| ^
Flavors: r-devel-linux-x86_64-debian-clang, r-devel-linux-x86_64-debian-gcc, r-devel-linux-x86_64-fedora-clang, r-devel-linux-x86_64-fedora-gcc, r-devel-windows-x86_64, r-patched-linux-x86_64, r-release-linux-x86_64, r-release-macos-arm64, r-release-macos-x86_64, r-release-windows-x86_64