Last updated on 2024-07-18 01:55:36 CEST.
Flavor | Version | Tinstall | Tcheck | Ttotal | Status | Flags |
---|---|---|---|---|---|---|
r-devel-linux-x86_64-debian-clang | 1.1.0 | 13.54 | 121.59 | 135.13 | NOTE | |
r-devel-linux-x86_64-debian-gcc | 1.1.0 | 9.89 | 87.13 | 97.02 | NOTE | |
r-devel-linux-x86_64-fedora-clang | 1.1.0 | 167.03 | NOTE | |||
r-devel-linux-x86_64-fedora-gcc | 1.1.0 | 148.90 | NOTE | |||
r-devel-windows-x86_64 | 1.1.0 | 11.00 | 95.00 | 106.00 | NOTE | |
r-patched-linux-x86_64 | 1.1.0 | 13.50 | 112.26 | 125.76 | NOTE | |
r-release-linux-x86_64 | 1.1.0 | 7.32 | 114.69 | 122.01 | NOTE | |
r-release-macos-arm64 | 1.1.0 | 46.00 | NOTE | |||
r-release-macos-x86_64 | 1.1.0 | 115.00 | NOTE | |||
r-release-windows-x86_64 | 1.1.0 | 12.00 | 101.00 | 113.00 | NOTE | |
r-oldrel-macos-arm64 | 1.1.0 | 48.00 | OK | |||
r-oldrel-macos-x86_64 | 1.1.0 | 82.00 | OK | |||
r-oldrel-windows-x86_64 | 1.1.0 | 15.00 | 120.00 | 135.00 | OK |
Version: 1.1.0
Check: Rd files
Result: NOTE
checkRd: (-1) rMNB.Rd:23: Lost braces; missing escapes or markup?
23 | It simulates a multivariate response variable, Y_{ij}, that is jth measurement
| ^
Flavors: r-devel-linux-x86_64-debian-clang, r-devel-linux-x86_64-debian-gcc, r-devel-linux-x86_64-fedora-clang, r-devel-linux-x86_64-fedora-gcc, r-devel-windows-x86_64, r-patched-linux-x86_64, r-release-linux-x86_64, r-release-macos-arm64, r-release-macos-x86_64, r-release-windows-x86_64