Last updated on 2024-07-18 01:55:36 CEST.
Flavor | Version | Tinstall | Tcheck | Ttotal | Status | Flags |
---|---|---|---|---|---|---|
r-devel-linux-x86_64-debian-clang | 2.51 | 420.67 | 460.14 | 880.81 | OK | |
r-devel-linux-x86_64-debian-gcc | 2.51 | 320.12 | 316.93 | 637.05 | OK | |
r-devel-linux-x86_64-fedora-clang | 2.51 | 1124.97 | NOTE | |||
r-devel-linux-x86_64-fedora-gcc | 2.51 | 1277.58 | OK | |||
r-devel-windows-x86_64 | 2.51 | 330.00 | 330.00 | 660.00 | NOTE | |
r-patched-linux-x86_64 | 2.51 | 386.69 | 422.10 | 808.79 | OK | |
r-release-linux-x86_64 | 2.51 | 374.36 | 426.01 | 800.37 | OK | |
r-release-macos-arm64 | 2.51 | 204.00 | NOTE | |||
r-release-macos-x86_64 | 2.51 | 268.00 | NOTE | |||
r-release-windows-x86_64 | 2.51 | 319.00 | 335.00 | 654.00 | NOTE | |
r-oldrel-macos-arm64 | 2.51 | 255.00 | NOTE | |||
r-oldrel-macos-x86_64 | 2.51 | 473.00 | NOTE | |||
r-oldrel-windows-x86_64 | 2.51 | 408.00 | 426.00 | 834.00 | NOTE |
Version: 2.51
Check: installed package size
Result: NOTE
installed size is 6.7Mb
sub-directories of 1Mb or more:
libs 6.2Mb
Flavors: r-devel-linux-x86_64-fedora-clang, r-devel-windows-x86_64, r-release-macos-arm64, r-release-macos-x86_64, r-release-windows-x86_64, r-oldrel-macos-arm64, r-oldrel-macos-x86_64, r-oldrel-windows-x86_64