Last updated on 2024-07-18 01:55:35 CEST.
Flavor | Version | Tinstall | Tcheck | Ttotal | Status | Flags |
---|---|---|---|---|---|---|
r-devel-linux-x86_64-debian-clang | 1.0.1 | 281.73 | 30.68 | 312.41 | OK | |
r-devel-linux-x86_64-debian-gcc | 1.0.1 | 172.81 | 24.23 | 197.04 | OK | |
r-devel-linux-x86_64-fedora-clang | 1.0.1 | 547.29 | OK | |||
r-devel-linux-x86_64-fedora-gcc | 1.0.1 | 473.68 | OK | |||
r-devel-windows-x86_64 | 1.0.1 | 459.00 | 71.00 | 530.00 | OK | |
r-patched-linux-x86_64 | 1.0.1 | 223.82 | 29.27 | 253.09 | OK | |
r-release-linux-x86_64 | 1.0.1 | 200.53 | 30.76 | 231.29 | OK | |
r-release-macos-arm64 | 1.0.1 | 79.00 | NOTE | |||
r-release-macos-x86_64 | 1.0.1 | 66.00 | NOTE | |||
r-release-windows-x86_64 | 1.0.1 | 460.00 | 68.00 | 528.00 | OK | |
r-oldrel-macos-arm64 | 1.0.1 | 94.00 | NOTE | |||
r-oldrel-macos-x86_64 | 1.0.1 | 171.00 | NOTE | |||
r-oldrel-windows-x86_64 | 1.0.1 | 488.00 | 83.00 | 571.00 | OK |
Version: 1.0.1
Check: installed package size
Result: NOTE
installed size is 10.1Mb
sub-directories of 1Mb or more:
libs 9.8Mb
Flavors: r-release-macos-arm64, r-release-macos-x86_64, r-oldrel-macos-arm64, r-oldrel-macos-x86_64