Last updated on 2024-08-16 12:49:12 CEST.
Flavor | Version | Tinstall | Tcheck | Ttotal | Status | Flags |
---|---|---|---|---|---|---|
r-devel-linux-x86_64-debian-clang | 0.8.6 | 6.89 | 91.35 | 98.24 | OK | |
r-devel-linux-x86_64-debian-gcc | 0.8.6 | 4.53 | 68.88 | 73.41 | OK | |
r-devel-linux-x86_64-fedora-clang | 0.8.6 | 157.45 | NOTE | |||
r-devel-linux-x86_64-fedora-gcc | 0.8.6 | 165.56 | NOTE | |||
r-devel-windows-x86_64 | 0.8.6 | 9.00 | 121.00 | 130.00 | OK | |
r-patched-linux-x86_64 | 0.8.6 | 6.88 | 88.55 | 95.43 | OK | |
r-release-linux-x86_64 | 0.8.6 | 6.51 | 91.64 | 98.15 | OK | |
r-release-macos-arm64 | 0.8.6 | 57.00 | OK | |||
r-release-macos-x86_64 | 0.8.6 | 86.00 | OK | |||
r-release-windows-x86_64 | 0.8.6 | 8.00 | 121.00 | 129.00 | OK | |
r-oldrel-macos-arm64 | 0.8.6 | 81.00 | OK | |||
r-oldrel-macos-x86_64 | 0.8.6 | 116.00 | OK | |||
r-oldrel-windows-x86_64 | 0.8.6 | 11.00 | 139.00 | 150.00 | OK |
Version: 0.8.6
Check: data for non-ASCII characters
Result: NOTE
Note: found 54 marked UTF-8 strings
Flavors: r-devel-linux-x86_64-fedora-clang, r-devel-linux-x86_64-fedora-gcc