Last updated on 2024-08-16 12:49:13 CEST.
Flavor | Version | Tinstall | Tcheck | Ttotal | Status | Flags |
---|---|---|---|---|---|---|
r-devel-linux-x86_64-debian-clang | 0.1.0 | 7.37 | 80.23 | 87.60 | OK | |
r-devel-linux-x86_64-debian-gcc | 0.1.0 | 3.92 | 54.55 | 58.47 | OK | |
r-devel-linux-x86_64-fedora-clang | 0.1.0 | 139.98 | OK | |||
r-devel-linux-x86_64-fedora-gcc | 0.1.0 | 143.79 | OK | |||
r-devel-windows-x86_64 | 0.1.0 | 10.00 | 104.00 | 114.00 | OK | |
r-patched-linux-x86_64 | 0.1.0 | 9.54 | 74.85 | 84.39 | OK | |
r-release-linux-x86_64 | 0.1.0 | 7.20 | 76.26 | 83.46 | OK | |
r-release-macos-arm64 | 0.1.0 | 45.00 | OK | |||
r-release-macos-x86_64 | 0.1.0 | 66.00 | OK | |||
r-release-windows-x86_64 | 0.1.0 | 11.00 | 112.00 | 123.00 | OK | |
r-oldrel-macos-arm64 | 0.1.0 | 11.00 | ERROR | |||
r-oldrel-macos-x86_64 | 0.1.0 | 11.00 | ERROR | |||
r-oldrel-windows-x86_64 | 0.1.0 | 13.00 | 122.00 | 135.00 | OK |
Version: 0.1.0
Check: package dependencies
Result: ERROR
Package required but not available: ‘microbiome’
See section ‘The DESCRIPTION file’ in the ‘Writing R Extensions’
manual.
Flavors: r-oldrel-macos-arm64, r-oldrel-macos-x86_64