Last updated on 2024-08-16 12:49:13 CEST.
Flavor | Version | Tinstall | Tcheck | Ttotal | Status | Flags |
---|---|---|---|---|---|---|
r-devel-linux-x86_64-debian-clang | 1.4.1 | 22.23 | 217.83 | 240.06 | NOTE | |
r-devel-linux-x86_64-debian-gcc | 1.4.1 | 14.73 | 140.98 | 155.71 | NOTE | |
r-devel-linux-x86_64-fedora-clang | 1.4.1 | 411.23 | OK | |||
r-devel-linux-x86_64-fedora-gcc | 1.4.1 | 368.05 | OK | |||
r-devel-windows-x86_64 | 1.4.1 | 26.00 | 306.00 | 332.00 | NOTE | |
r-patched-linux-x86_64 | 1.4.1 | 35.27 | 205.51 | 240.78 | OK | |
r-release-linux-x86_64 | 1.4.1 | 20.66 | 204.86 | 225.52 | OK | |
r-release-macos-arm64 | 1.4.1 | 105.00 | OK | |||
r-release-macos-x86_64 | 1.4.1 | 181.00 | OK | |||
r-release-windows-x86_64 | 1.4.1 | 27.00 | 299.00 | 326.00 | OK | |
r-oldrel-macos-arm64 | 1.4.1 | 92.00 | OK | |||
r-oldrel-macos-x86_64 | 1.4.1 | 199.00 | OK | |||
r-oldrel-windows-x86_64 | 1.4.1 | 33.00 | 374.00 | 407.00 | OK |
Version: 1.4.1
Check: Rd cross-references
Result: NOTE
Found the following Rd file(s) with Rd \link{} targets missing package
anchors:
LDA.Rd: lda
img_plot.Rd: readJPEG
ldk_contour.Rd: kde2d
links_delaunay.Rd: delaunayn
plot.LDA.Rd: kde2d
plot.PCA.Rd: kde2d
reLDA.Rd: predict.lda
Please provide package anchors for all Rd \link{} targets not in the
package itself and the base packages.
Flavors: r-devel-linux-x86_64-debian-clang, r-devel-linux-x86_64-debian-gcc, r-devel-windows-x86_64