Last updated on 2025-11-09 00:49:35 CET.
| Flavor | Version | Tinstall | Tcheck | Ttotal | Status | Flags |
|---|---|---|---|---|---|---|
| r-devel-linux-x86_64-debian-clang | 1.0 | 9.77 | 111.54 | 121.31 | NOTE | |
| r-devel-linux-x86_64-debian-gcc | 1.0 | 7.80 | 78.40 | 86.20 | NOTE | |
| r-devel-linux-x86_64-fedora-clang | 1.0 | 25.00 | 166.33 | 191.33 | OK | |
| r-devel-linux-x86_64-fedora-gcc | 1.0 | 21.00 | 171.76 | 192.76 | OK | |
| r-devel-windows-x86_64 | 1.0 | 12.00 | 114.00 | 126.00 | OK | |
| r-patched-linux-x86_64 | 1.0 | 10.13 | 104.31 | 114.44 | OK | |
| r-release-linux-x86_64 | 1.0 | 8.77 | 104.94 | 113.71 | OK | |
| r-release-macos-arm64 | 1.0 | 5.00 | 61.00 | 66.00 | OK | |
| r-release-macos-x86_64 | 1.0 | 9.00 | 104.00 | 113.00 | OK | |
| r-release-windows-x86_64 | 1.0 | 11.00 | 109.00 | 120.00 | OK | |
| r-oldrel-macos-arm64 | 1.0 | 4.00 | 50.00 | 54.00 | OK | |
| r-oldrel-macos-x86_64 | 1.0 | 7.00 | 81.00 | 88.00 | OK | |
| r-oldrel-windows-x86_64 | 1.0 | 15.00 | 146.00 | 161.00 | OK |
Version: 1.0
Check: CRAN incoming feasibility
Result: NOTE
Maintainer: ‘Marina Gomtsyan <marina.gomtsyan@agroparistech.fr>’
No Authors@R field in DESCRIPTION.
Please add one, modifying
Authors@R: person(given = "Marina",
family = "Gomtsyan",
role = c("aut", "cre"),
email = "marina.gomtsyan@agroparistech.fr")
as necessary.
The Description field contains
(2022), <arXiv:2208.14721>.
Please refer to arXiv e-prints via their arXiv DOI <doi:10.48550/arXiv.YYMM.NNNNN>.
Flavors: r-devel-linux-x86_64-debian-clang, r-devel-linux-x86_64-debian-gcc