Last updated on 2024-07-18 01:55:37 CEST.
Flavor | Version | Tinstall | Tcheck | Ttotal | Status | Flags |
---|---|---|---|---|---|---|
r-devel-linux-x86_64-debian-clang | 1.0.3 | 87.27 | 68.42 | 155.69 | OK | |
r-devel-linux-x86_64-debian-gcc | 1.0.3 | 69.80 | 52.97 | 122.77 | OK | |
r-devel-windows-x86_64 | 1.0.3 | 81.00 | 86.00 | 167.00 | OK | |
r-patched-linux-x86_64 | 1.0.3 | 78.74 | 65.64 | 144.38 | OK | |
r-release-linux-x86_64 | 1.0.3 | 80.21 | 66.23 | 146.44 | OK | |
r-release-macos-arm64 | 1.0.3 | 49.00 | NOTE | |||
r-release-macos-x86_64 | 1.0.3 | 75.00 | NOTE | |||
r-release-windows-x86_64 | 1.0.3 | 81.00 | 87.00 | 168.00 | OK | |
r-oldrel-macos-arm64 | 1.0.3 | 54.00 | NOTE | |||
r-oldrel-macos-x86_64 | 1.0.3 | 96.00 | NOTE | |||
r-oldrel-windows-x86_64 | 1.0.3 | 101.00 | 104.00 | 205.00 | OK |
Version: 1.0.3
Check: installed package size
Result: NOTE
installed size is 5.7Mb
sub-directories of 1Mb or more:
libs 5.6Mb
Flavors: r-release-macos-arm64, r-release-macos-x86_64, r-oldrel-macos-arm64, r-oldrel-macos-x86_64