Last updated on 2024-08-16 12:49:14 CEST.
Flavor | Version | Tinstall | Tcheck | Ttotal | Status | Flags |
---|---|---|---|---|---|---|
r-devel-linux-x86_64-debian-clang | 10.8.2 | 34.00 | 134.90 | 168.90 | NOTE | |
r-devel-linux-x86_64-debian-gcc | 10.8.2 | 27.40 | 98.61 | 126.01 | NOTE | |
r-devel-linux-x86_64-fedora-clang | 10.8.2 | 319.90 | NOTE | |||
r-devel-linux-x86_64-fedora-gcc | 10.8.2 | 303.46 | NOTE | |||
r-devel-windows-x86_64 | 10.8.2 | 50.00 | 157.00 | 207.00 | NOTE | |
r-patched-linux-x86_64 | 10.8.2 | 45.41 | 127.98 | 173.39 | NOTE | |
r-release-linux-x86_64 | 10.8.2 | 39.01 | 131.46 | 170.47 | NOTE | |
r-release-macos-arm64 | 10.8.2 | 91.00 | NOTE | |||
r-release-macos-x86_64 | 10.8.2 | 119.00 | NOTE | |||
r-release-windows-x86_64 | 10.8.2 | 49.00 | 160.00 | 209.00 | NOTE | |
r-oldrel-macos-arm64 | 10.8.2 | 87.00 | NOTE | |||
r-oldrel-macos-x86_64 | 10.8.2 | 202.00 | NOTE | |||
r-oldrel-windows-x86_64 | 10.8.2 | 63.00 | 193.00 | 256.00 | NOTE |
Version: 10.8.2
Check: Rd cross-references
Result: NOTE
Found the following Rd file(s) with Rd \link{} targets missing package
anchors:
NNS.ARMA.Rd: data.table
NNS.copula.Rd: plot3d
NNS.part.Rd: data.table
NNS.reg.Rd: data.table
Please provide package anchors for all Rd \link{} targets not in the
package itself and the base packages.
Flavors: r-devel-linux-x86_64-debian-clang, r-devel-linux-x86_64-debian-gcc, r-devel-windows-x86_64
Version: 10.8.2
Check: for GNU extensions in Makefiles
Result: NOTE
GNU make is a SystemRequirements.
Flavors: r-devel-linux-x86_64-debian-clang, r-devel-linux-x86_64-debian-gcc, r-devel-linux-x86_64-fedora-clang, r-devel-linux-x86_64-fedora-gcc, r-devel-windows-x86_64, r-patched-linux-x86_64, r-release-linux-x86_64, r-release-macos-arm64, r-release-macos-x86_64, r-release-windows-x86_64, r-oldrel-macos-arm64, r-oldrel-macos-x86_64, r-oldrel-windows-x86_64