Last updated on 2024-07-18 01:55:37 CEST.
Flavor | Version | Tinstall | Tcheck | Ttotal | Status | Flags |
---|---|---|---|---|---|---|
r-devel-linux-x86_64-debian-clang | 0.1.4 | 9.48 | 106.93 | 116.41 | OK | |
r-devel-linux-x86_64-debian-gcc | 0.1.4 | 8.47 | 78.95 | 87.42 | OK | |
r-devel-linux-x86_64-fedora-clang | 0.1.4 | 145.05 | OK | |||
r-devel-linux-x86_64-fedora-gcc | 0.1.4 | 146.34 | OK | |||
r-devel-windows-x86_64 | 0.1.4 | 9.00 | 93.00 | 102.00 | NOTE | |
r-patched-linux-x86_64 | 0.1.4 | 8.77 | 101.50 | 110.27 | OK | |
r-release-linux-x86_64 | 0.1.4 | 10.75 | 99.69 | 110.44 | OK | |
r-release-macos-arm64 | 0.1.4 | 48.00 | OK | |||
r-release-macos-x86_64 | 0.1.4 | 109.00 | OK | |||
r-release-windows-x86_64 | 0.1.4 | 10.00 | 94.00 | 104.00 | OK | |
r-oldrel-macos-arm64 | 0.1.4 | 51.00 | OK | |||
r-oldrel-macos-x86_64 | 0.1.4 | 84.00 | OK | |||
r-oldrel-windows-x86_64 | 0.1.4 | 14.00 | 109.00 | 123.00 | OK |
Version: 0.1.4
Check: Rd cross-references
Result: NOTE
Found the following Rd file(s) with Rd \link{} targets missing package
anchors:
communicability_matrix.Rd: expm, dgeMatrix-class
contagion.Rd: Matrix
criticality.Rd: Matrix
impact_susceptibility.Rd: Matrix, expm, dgeMatrix-class
risk_matrix.Rd: Matrix
Please provide package anchors for all Rd \link{} targets not in the
package itself and the base packages.
Flavor: r-devel-windows-x86_64