Last updated on 2025-07-08 13:49:14 CEST.
Flavor | Version | Tinstall | Tcheck | Ttotal | Status | Flags |
---|---|---|---|---|---|---|
r-devel-linux-x86_64-debian-clang | 0.2 | 6.03 | 46.91 | 52.94 | OK | |
r-devel-linux-x86_64-debian-gcc | 0.2 | 3.88 | 35.86 | 39.74 | OK | |
r-devel-linux-x86_64-fedora-clang | 0.2 | 85.57 | OK | |||
r-devel-linux-x86_64-fedora-gcc | 0.2 | 82.22 | OK | |||
r-devel-windows-x86_64 | 0.2 | 6.00 | 66.00 | 72.00 | OK | |
r-patched-linux-x86_64 | 0.2 | 5.79 | 44.38 | 50.17 | OK | |
r-release-linux-x86_64 | 0.2 | 5.18 | 44.17 | 49.35 | OK | |
r-release-macos-arm64 | 0.2 | 29.00 | OK | |||
r-release-macos-x86_64 | 0.2 | 50.00 | OK | |||
r-release-windows-x86_64 | 0.2 | 6.00 | 66.00 | 72.00 | OK | |
r-oldrel-macos-arm64 | 0.2 | 26.00 | NOTE | |||
r-oldrel-macos-x86_64 | 0.2 | 44.00 | NOTE | |||
r-oldrel-windows-x86_64 | 0.2 | 8.00 | 76.00 | 84.00 | NOTE |
Version: 0.2
Check: package dependencies
Result: NOTE
Package which this enhances but not available for checking: ‘jpndistrict’
Flavors: r-oldrel-macos-arm64, r-oldrel-macos-x86_64, r-oldrel-windows-x86_64