Last updated on 2024-07-18 01:55:38 CEST.
Flavor | Version | Tinstall | Tcheck | Ttotal | Status | Flags |
---|---|---|---|---|---|---|
r-devel-linux-x86_64-debian-clang | 1.0.7 | 12.61 | 119.73 | 132.34 | OK | |
r-devel-linux-x86_64-debian-gcc | 1.0.7 | 9.30 | 90.57 | 99.87 | OK | |
r-devel-linux-x86_64-fedora-clang | 1.0.7 | 170.24 | OK | |||
r-devel-linux-x86_64-fedora-gcc | 1.0.7 | 178.85 | OK | |||
r-devel-windows-x86_64 | 1.0.7 | 12.00 | 146.00 | 158.00 | NOTE | |
r-patched-linux-x86_64 | 1.0.7 | 19.21 | 115.07 | 134.28 | OK | |
r-release-linux-x86_64 | 1.0.7 | 12.17 | 118.35 | 130.52 | OK | |
r-release-macos-arm64 | 1.0.7 | 82.00 | OK | |||
r-release-macos-x86_64 | 1.0.7 | 106.00 | OK | |||
r-release-windows-x86_64 | 1.0.7 | 13.00 | 150.00 | 163.00 | OK | |
r-oldrel-macos-arm64 | 1.0.7 | 100.00 | OK | |||
r-oldrel-macos-x86_64 | 1.0.7 | 128.00 | OK | |||
r-oldrel-windows-x86_64 | 1.0.7 | 16.00 | 157.00 | 173.00 | OK |
Version: 1.0.7
Check: Rd cross-references
Result: NOTE
Found the following Rd file(s) with Rd \link{} targets missing package
anchors:
Chesapeake.Rd: Oxsat
Sylt.Rd: image2D, ImageOcean, scatter2D, Oxsat
TempTraject.Rd: image2D, ImageOcean, scatter2D, Oxsat
WSnioz.Rd: image2D, ImageOcean, scatter2D, Oxsat
moviepersp.Rd: persp3Drgl, jet.col
movieslice.Rd: slice3Drgl, jet.col, slice3D
quiver.Rd: jet.col, colkey, contour2D, image2D, arrows2D, arrows3D,
Arrows
tracers2D.Rd: colkey, contour2D, image2D, scatter2D
tracers3D.Rd: points3Drgl, colkey, scatter3D
vectorplot.Rd: jet.col, colkey, Arrows
Please provide package anchors for all Rd \link{} targets not in the
package itself and the base packages.
Flavor: r-devel-windows-x86_64