Last updated on 2024-08-16 12:49:15 CEST.
Flavor | Version | Tinstall | Tcheck | Ttotal | Status | Flags |
---|---|---|---|---|---|---|
r-devel-linux-x86_64-debian-clang | 1.0.1 | 5.68 | 54.29 | 59.97 | NOTE | |
r-devel-linux-x86_64-debian-gcc | 1.0.1 | 4.04 | 38.56 | 42.60 | NOTE | |
r-devel-linux-x86_64-fedora-clang | 1.0.1 | 97.70 | NOTE | |||
r-devel-linux-x86_64-fedora-gcc | 1.0.1 | 107.07 | NOTE | |||
r-devel-windows-x86_64 | 1.0.1 | 8.00 | 76.00 | 84.00 | NOTE | |
r-patched-linux-x86_64 | 1.0.1 | 5.00 | 50.23 | 55.23 | NOTE | |
r-release-linux-x86_64 | 1.0.1 | 5.28 | 51.09 | 56.37 | NOTE | |
r-release-macos-arm64 | 1.0.1 | 37.00 | NOTE | |||
r-release-macos-x86_64 | 1.0.1 | 51.00 | NOTE | |||
r-release-windows-x86_64 | 1.0.1 | 9.00 | 76.00 | 85.00 | NOTE | |
r-oldrel-macos-arm64 | 1.0.1 | 48.00 | OK | |||
r-oldrel-macos-x86_64 | 1.0.1 | 68.00 | OK | |||
r-oldrel-windows-x86_64 | 1.0.1 | 10.00 | 90.00 | 100.00 | OK |
Version: 1.0.1
Check: Rd files
Result: NOTE
checkRd: (-1) calc_n_from_c.Rd:5: Lost braces; missing escapes or markup?
5 | \title{Helper function to calculate other n's given n_{1,T} and allocation ratios}
| ^
checkRd: (-1) calc_n_from_c.Rd:15: Lost braces; missing escapes or markup?
15 | Helper function to calculate other n's given n_{1,T} and allocation ratios
| ^
Flavors: r-devel-linux-x86_64-debian-clang, r-devel-linux-x86_64-debian-gcc, r-devel-linux-x86_64-fedora-clang, r-devel-linux-x86_64-fedora-gcc, r-devel-windows-x86_64, r-patched-linux-x86_64, r-release-linux-x86_64, r-release-macos-arm64, r-release-macos-x86_64, r-release-windows-x86_64