Last updated on 2024-07-18 01:55:38 CEST.
Flavor | Version | Tinstall | Tcheck | Ttotal | Status | Flags |
---|---|---|---|---|---|---|
r-devel-linux-x86_64-debian-clang | 1.0.6 | 6.42 | 73.63 | 80.05 | NOTE | |
r-devel-linux-x86_64-debian-gcc | 1.0.6 | 6.91 | 54.95 | 61.86 | NOTE | |
r-devel-linux-x86_64-fedora-clang | 1.0.6 | 101.08 | NOTE | |||
r-devel-linux-x86_64-fedora-gcc | 1.0.6 | 102.59 | NOTE | |||
r-devel-windows-x86_64 | 1.0.6 | 7.00 | 70.00 | 77.00 | NOTE | |
r-patched-linux-x86_64 | 1.0.6 | 6.91 | 69.43 | 76.34 | NOTE | |
r-release-linux-x86_64 | 1.0.6 | 7.22 | 67.64 | 74.86 | NOTE | |
r-release-macos-arm64 | 1.0.6 | 32.00 | NOTE | |||
r-release-macos-x86_64 | 1.0.6 | 49.00 | NOTE | |||
r-release-windows-x86_64 | 1.0.6 | 7.00 | 71.00 | 78.00 | NOTE | |
r-oldrel-macos-arm64 | 1.0.6 | 35.00 | OK | |||
r-oldrel-macos-x86_64 | 1.0.6 | 55.00 | OK | |||
r-oldrel-windows-x86_64 | 1.0.6 | 10.00 | 79.00 | 89.00 | OK |
Version: 1.0.6
Check: Rd files
Result: NOTE
checkRd: (-1) internal.Rd:26-27: Lost braces in \itemize; meant \describe ?
checkRd: (-1) internal.Rd:29-31: Lost braces in \itemize; meant \describe ?
checkRd: (-1) internal.Rd:33: Lost braces in \itemize; meant \describe ?
checkRd: (-1) internal.Rd:35: Lost braces in \itemize; meant \describe ?
checkRd: (-1) internal.Rd:37-38: Lost braces in \itemize; meant \describe ?
checkRd: (-1) internal.Rd:40-41: Lost braces in \itemize; meant \describe ?
checkRd: (-1) internal.Rd:43-44: Lost braces in \itemize; meant \describe ?
checkRd: (-1) internal.Rd:46: Lost braces in \itemize; meant \describe ?
checkRd: (-1) internal.Rd:48: Lost braces in \itemize; meant \describe ?
checkRd: (-1) internal.Rd:50: Lost braces in \itemize; meant \describe ?
checkRd: (-1) internal.Rd:52: Lost braces in \itemize; meant \describe ?
checkRd: (-1) internal.Rd:54: Lost braces in \itemize; meant \describe ?
checkRd: (-1) internal.Rd:56-57: Lost braces in \itemize; meant \describe ?
checkRd: (-1) internal.Rd:59-60: Lost braces in \itemize; meant \describe ?
checkRd: (-1) internal.Rd:62-63: Lost braces in \itemize; meant \describe ?
checkRd: (-1) internal.Rd:65-66: Lost braces in \itemize; meant \describe ?
checkRd: (-1) internal.Rd:68: Lost braces in \itemize; meant \describe ?
checkRd: (-1) internal.Rd:70: Lost braces in \itemize; meant \describe ?
Flavors: r-devel-linux-x86_64-debian-clang, r-devel-linux-x86_64-debian-gcc, r-devel-linux-x86_64-fedora-clang, r-devel-linux-x86_64-fedora-gcc, r-devel-windows-x86_64, r-patched-linux-x86_64, r-release-linux-x86_64, r-release-macos-arm64, r-release-macos-x86_64, r-release-windows-x86_64