Last updated on 2024-08-16 12:49:15 CEST.
Flavor | Version | Tinstall | Tcheck | Ttotal | Status | Flags |
---|---|---|---|---|---|---|
r-devel-linux-x86_64-debian-clang | 1.1.4 | 19.11 | 60.30 | 79.41 | NOTE | |
r-devel-linux-x86_64-debian-gcc | 1.1.4 | 13.87 | 47.33 | 61.20 | NOTE | |
r-devel-linux-x86_64-fedora-clang | 1.1.4 | 144.39 | NOTE | |||
r-devel-linux-x86_64-fedora-gcc | 1.1.4 | 142.44 | NOTE | |||
r-devel-windows-x86_64 | 1.1.4 | 25.00 | 89.00 | 114.00 | NOTE | |
r-patched-linux-x86_64 | 1.1.4 | 18.27 | 58.15 | 76.42 | NOTE | |
r-release-linux-x86_64 | 1.1.4 | 18.35 | 58.61 | 76.96 | NOTE | |
r-release-macos-arm64 | 1.1.4 | 45.00 | NOTE | |||
r-release-macos-x86_64 | 1.1.4 | 58.00 | NOTE | |||
r-release-windows-x86_64 | 1.1.4 | 25.00 | 95.00 | 120.00 | NOTE | |
r-oldrel-macos-arm64 | 1.1.4 | 39.00 | NOTE | |||
r-oldrel-macos-x86_64 | 1.1.4 | 69.00 | NOTE | |||
r-oldrel-windows-x86_64 | 1.1.4 | 31.00 | 112.00 | 143.00 | NOTE |
Version: 1.1.4
Check: C++ specification
Result: NOTE
Specified C++11: please drop specification unless essential
Flavors: r-devel-linux-x86_64-debian-clang, r-devel-linux-x86_64-debian-gcc, r-devel-linux-x86_64-fedora-clang, r-devel-linux-x86_64-fedora-gcc, r-devel-windows-x86_64, r-patched-linux-x86_64, r-release-linux-x86_64, r-release-macos-arm64, r-release-macos-x86_64, r-release-windows-x86_64, r-oldrel-macos-arm64, r-oldrel-macos-x86_64, r-oldrel-windows-x86_64