Last updated on 2024-08-16 12:49:16 CEST.
Flavor | Version | Tinstall | Tcheck | Ttotal | Status | Flags |
---|---|---|---|---|---|---|
r-devel-linux-x86_64-debian-clang | 1.0.2 | 15.34 | 117.33 | 132.67 | OK | |
r-devel-linux-x86_64-debian-gcc | 1.0.2 | 11.77 | 88.54 | 100.31 | OK | |
r-devel-linux-x86_64-fedora-clang | 1.0.2 | 212.68 | NOTE | |||
r-devel-linux-x86_64-fedora-gcc | 1.0.2 | 214.66 | OK | |||
r-devel-windows-x86_64 | 1.0.2 | 16.00 | 114.00 | 130.00 | OK | |
r-patched-linux-x86_64 | 1.0.2 | 14.51 | 110.89 | 125.40 | OK | |
r-release-linux-x86_64 | 1.0.2 | 14.94 | 111.25 | 126.19 | OK | |
r-release-macos-arm64 | 1.0.2 | 65.00 | OK | |||
r-release-macos-x86_64 | 1.0.2 | 131.00 | OK | |||
r-release-windows-x86_64 | 1.0.2 | 19.00 | 115.00 | 134.00 | OK | |
r-oldrel-macos-arm64 | 1.0.2 | 61.00 | OK | |||
r-oldrel-macos-x86_64 | 1.0.2 | 167.00 | OK | |||
r-oldrel-windows-x86_64 | 1.0.2 | 23.00 | 146.00 | 169.00 | OK |
Version: 1.0.2
Check: package dependencies
Result: NOTE
Imports includes 21 non-default packages.
Importing from so many packages makes the package vulnerable to any of
them becoming unavailable. Move as many as possible to Suggests and
use conditionally.
Flavor: r-devel-linux-x86_64-fedora-clang