Last updated on 2024-07-18 01:55:39 CEST.
Flavor | Version | Tinstall | Tcheck | Ttotal | Status | Flags |
---|---|---|---|---|---|---|
r-devel-linux-x86_64-debian-clang | 1.7.2 | 57.39 | 521.78 | 579.17 | OK | |
r-devel-linux-x86_64-debian-gcc | 1.7.2 | 45.68 | 385.64 | 431.32 | OK | |
r-devel-linux-x86_64-fedora-clang | 1.7.2 | 743.83 | OK | |||
r-devel-linux-x86_64-fedora-gcc | 1.7.2 | 759.24 | OK | |||
r-devel-windows-x86_64 | 1.7.2 | 51.00 | 330.00 | 381.00 | OK | |
r-patched-linux-x86_64 | 1.7.2 | 40.05 | 491.62 | 531.67 | OK | |
r-release-linux-x86_64 | 1.7.2 | 42.61 | 497.70 | 540.31 | OK | |
r-release-macos-arm64 | 1.7.2 | 184.00 | OK | |||
r-release-macos-x86_64 | 1.7.2 | 280.00 | OK | |||
r-release-windows-x86_64 | 1.7.2 | 50.00 | 336.00 | 386.00 | OK | |
r-oldrel-macos-arm64 | 1.7.2 | 5.00 | ERROR | |||
r-oldrel-macos-x86_64 | 1.7.2 | 377.00 | OK | |||
r-oldrel-windows-x86_64 | 1.7.2 | 73.00 | 435.00 | 508.00 | OK |
Version: 1.7.2
Check: package dependencies
Result: ERROR
Package required but not available: ‘VariantAnnotation’
See section ‘The DESCRIPTION file’ in the ‘Writing R Extensions’
manual.
Flavor: r-oldrel-macos-arm64