Last updated on 2024-07-18 01:55:39 CEST.
Flavor | Version | Tinstall | Tcheck | Ttotal | Status | Flags |
---|---|---|---|---|---|---|
r-devel-linux-x86_64-debian-clang | 1.1.0 | 12.79 | 101.28 | 114.07 | OK | |
r-devel-linux-x86_64-debian-gcc | 1.1.0 | 9.36 | 74.66 | 84.02 | OK | |
r-devel-linux-x86_64-fedora-clang | 1.1.0 | 133.81 | OK | |||
r-devel-linux-x86_64-fedora-gcc | 1.1.0 | 141.33 | OK | |||
r-devel-windows-x86_64 | 1.1.0 | 11.00 | 88.00 | 99.00 | NOTE | |
r-patched-linux-x86_64 | 1.1.0 | 15.37 | 93.79 | 109.16 | OK | |
r-release-linux-x86_64 | 1.1.0 | 9.22 | 92.63 | 101.85 | OK | |
r-release-macos-arm64 | 1.1.0 | 40.00 | OK | |||
r-release-macos-x86_64 | 1.1.0 | 62.00 | OK | |||
r-release-windows-x86_64 | 1.1.0 | 10.00 | 90.00 | 100.00 | OK | |
r-oldrel-macos-arm64 | 1.1.0 | 45.00 | OK | |||
r-oldrel-macos-x86_64 | 1.1.0 | 74.00 | OK | |||
r-oldrel-windows-x86_64 | 1.1.0 | 13.00 | 103.00 | 116.00 | OK |
Version: 1.1.0
Check: Rd cross-references
Result: NOTE
Found the following Rd file(s) with Rd \link{} targets missing package
anchors:
SnP500Returns.Rd: zoo
access.Rd: zoo
portvol.Bayes.Rd: zoo
portvol.Rd: zoo
risk.attrib.Copula.Rd: zoo
risk.attribution.Rd: zoo
volatility.Rd: zoo
Please provide package anchors for all Rd \link{} targets not in the
package itself and the base packages.
Flavor: r-devel-windows-x86_64