Last updated on 2025-11-09 00:49:39 CET.
| Flavor | Version | Tinstall | Tcheck | Ttotal | Status | Flags |
|---|---|---|---|---|---|---|
| r-devel-linux-x86_64-debian-clang | 0.0.3 | 1.89 | 28.58 | 30.47 | OK | |
| r-devel-linux-x86_64-debian-gcc | 0.0.3 | 1.60 | 22.50 | 24.10 | OK | |
| r-devel-linux-x86_64-fedora-clang | 0.0.3 | 48.37 | NOTE | |||
| r-devel-linux-x86_64-fedora-gcc | 0.0.3 | 60.03 | NOTE | |||
| r-devel-windows-x86_64 | 0.0.3 | 4.00 | 48.00 | 52.00 | OK | |
| r-patched-linux-x86_64 | 0.0.3 | 2.01 | 26.96 | 28.97 | OK | |
| r-release-linux-x86_64 | 0.0.3 | 1.90 | 26.95 | 28.85 | OK | |
| r-release-macos-arm64 | 0.0.3 | 1.00 | 32.00 | 33.00 | OK | |
| r-release-macos-x86_64 | 0.0.3 | 2.00 | 38.00 | 40.00 | OK | |
| r-release-windows-x86_64 | 0.0.3 | 3.00 | 46.00 | 49.00 | OK | |
| r-oldrel-macos-arm64 | 0.0.3 | 1.00 | 24.00 | 25.00 | OK | |
| r-oldrel-macos-x86_64 | 0.0.3 | 2.00 | 31.00 | 33.00 | OK | |
| r-oldrel-windows-x86_64 | 0.0.3 | 5.00 | 54.00 | 59.00 | OK |
Version: 0.0.3
Check: dependencies in R code
Result: NOTE
Namespaces in Imports field not imported from:
‘dplyr’ ‘methods’ ‘numDeriv’ ‘tidyr’
All declared Imports should be used.
Flavors: r-devel-linux-x86_64-fedora-clang, r-devel-linux-x86_64-fedora-gcc