Last updated on 2025-07-08 13:49:17 CEST.
Flavor | Version | Tinstall | Tcheck | Ttotal | Status | Flags |
---|---|---|---|---|---|---|
r-devel-linux-x86_64-debian-clang | 0.1.1 | 7.74 | 81.02 | 88.76 | NOTE | |
r-devel-linux-x86_64-debian-gcc | 0.1.1 | 5.83 | 53.97 | 59.80 | NOTE | |
r-devel-linux-x86_64-fedora-clang | 0.1.1 | 134.98 | OK | |||
r-devel-linux-x86_64-fedora-gcc | 0.1.1 | 141.15 | OK | |||
r-devel-windows-x86_64 | 0.1.1 | 9.00 | 85.00 | 94.00 | OK | |
r-patched-linux-x86_64 | 0.1.1 | 6.34 | 73.00 | 79.34 | OK | |
r-release-linux-x86_64 | 0.1.1 | 7.65 | 72.46 | 80.11 | OK | |
r-release-macos-arm64 | 0.1.1 | 43.00 | OK | |||
r-release-macos-x86_64 | 0.1.1 | 82.00 | OK | |||
r-release-windows-x86_64 | 0.1.1 | 9.00 | 86.00 | 95.00 | OK | |
r-oldrel-macos-arm64 | 0.1.1 | 43.00 | OK | |||
r-oldrel-macos-x86_64 | 0.1.1 | 66.00 | OK | |||
r-oldrel-windows-x86_64 | 0.1.1 | 12.00 | 103.00 | 115.00 | OK |
Version: 0.1.1
Check: CRAN incoming feasibility
Result: NOTE
Maintainer: ‘Takahiko Koizumi <takahiko.koizumi@riken.jp>’
No Authors@R field in DESCRIPTION.
Please add one, modifying
Authors@R: c(person(given = "Takahiko",
family = "Koizumi",
role = c("aut", "cre"),
email = "takahiko.koizumi@riken.jp"),
person(given = "Kenta",
family = "Suzuki",
role = "aut"),
person(given = "Yasunori",
family = "Ichihashi",
role = "aut"))
as necessary.
Flavors: r-devel-linux-x86_64-debian-clang, r-devel-linux-x86_64-debian-gcc