Last updated on 2024-07-18 01:55:40 CEST.
Flavor | Version | Tinstall | Tcheck | Ttotal | Status | Flags |
---|---|---|---|---|---|---|
r-devel-linux-x86_64-debian-clang | 0.9-9 | 26.35 | 29.94 | 56.29 | OK | |
r-devel-linux-x86_64-debian-gcc | 0.9-9 | 19.10 | 22.39 | 41.49 | OK | |
r-devel-linux-x86_64-fedora-clang | 0.9-9 | 71.80 | OK | |||
r-devel-linux-x86_64-fedora-gcc | 0.9-9 | 79.14 | OK | |||
r-devel-windows-x86_64 | 0.9-9 | 44.00 | 62.00 | 106.00 | OK | |
r-patched-linux-x86_64 | 0.9-9 | 23.13 | 27.69 | 50.82 | OK | |
r-release-linux-x86_64 | 0.9-9 | 22.46 | 27.83 | 50.29 | OK | |
r-release-macos-arm64 | 0.9-9 | 32.00 | NOTE | |||
r-release-macos-x86_64 | 0.9-9 | 40.00 | NOTE | |||
r-release-windows-x86_64 | 0.9-9 | 45.00 | 62.00 | 107.00 | OK | |
r-oldrel-macos-arm64 | 0.9-9 | 36.00 | NOTE | |||
r-oldrel-macos-x86_64 | 0.9-9 | 56.00 | NOTE | |||
r-oldrel-windows-x86_64 | 0.9-9 | 50.00 | 71.00 | 121.00 | OK |
Version: 0.9-9
Check: installed package size
Result: NOTE
installed size is 19.3Mb
sub-directories of 1Mb or more:
libs 19.2Mb
Flavors: r-release-macos-arm64, r-release-macos-x86_64, r-oldrel-macos-arm64, r-oldrel-macos-x86_64