Last updated on 2025-11-09 00:49:39 CET.
| Flavor | Version | Tinstall | Tcheck | Ttotal | Status | Flags |
|---|---|---|---|---|---|---|
| r-devel-linux-x86_64-debian-clang | 1.4.1 | 1.71 | 23.61 | 25.32 | OK | |
| r-devel-linux-x86_64-debian-gcc | 1.4.1 | 1.37 | 19.47 | 20.84 | OK | |
| r-devel-linux-x86_64-fedora-clang | 1.4.1 | 20.00 | 18.17 | 38.17 | OK | |
| r-devel-linux-x86_64-fedora-gcc | 1.4.1 | 11.00 | 25.79 | 36.79 | OK | |
| r-devel-windows-x86_64 | 1.4.1 | 2.00 | 42.00 | 44.00 | OK | |
| r-patched-linux-x86_64 | 1.4.1 | 1.88 | 21.18 | 23.06 | OK | |
| r-release-linux-x86_64 | 1.4.1 | 1.72 | 21.11 | 22.83 | OK | |
| r-release-macos-arm64 | 1.4.1 | 1.00 | 15.00 | 16.00 | OK | |
| r-release-macos-x86_64 | 1.4.1 | 2.00 | 21.00 | 23.00 | OK | |
| r-release-windows-x86_64 | 1.4.1 | 4.00 | 39.00 | 43.00 | OK | |
| r-oldrel-macos-arm64 | 1.4.1 | 1.00 | 15.00 | 16.00 | NOTE | |
| r-oldrel-macos-x86_64 | 1.4.1 | 2.00 | 22.00 | 24.00 | NOTE | |
| r-oldrel-windows-x86_64 | 1.4.1 | 4.00 | 45.00 | 49.00 | NOTE |
Version: 1.4.1
Check: LazyData
Result: NOTE
'LazyData' is specified without a 'data' directory
Flavors: r-oldrel-macos-arm64, r-oldrel-macos-x86_64, r-oldrel-windows-x86_64