Last updated on 2024-08-16 00:48:29 CEST.
Flavor | Version | Tinstall | Tcheck | Ttotal | Status | Flags |
---|---|---|---|---|---|---|
r-devel-linux-x86_64-debian-clang | 1.3.1 | 14.41 | 159.26 | 173.67 | OK | |
r-devel-linux-x86_64-debian-gcc | 1.3.1 | 8.61 | 124.45 | 133.06 | OK | |
r-devel-linux-x86_64-fedora-clang | 1.3.1 | 263.30 | OK | |||
r-devel-linux-x86_64-fedora-gcc | 1.3.1 | 270.83 | OK | |||
r-devel-windows-x86_64 | 1.3.1 | 16.00 | 160.00 | 176.00 | OK | |
r-patched-linux-x86_64 | 1.3.1 | 13.81 | 149.25 | 163.06 | OK | |
r-release-linux-x86_64 | 1.3.1 | 13.35 | 150.56 | 163.91 | OK | |
r-release-macos-arm64 | 1.3.1 | 86.00 | OK | |||
r-release-macos-x86_64 | 1.3.1 | 137.00 | OK | |||
r-release-windows-x86_64 | 1.3.1 | 16.00 | 155.00 | 171.00 | OK | |
r-oldrel-macos-arm64 | 1.3.1 | 70.00 | NOTE | |||
r-oldrel-macos-x86_64 | 1.3.1 | 103.00 | NOTE | |||
r-oldrel-windows-x86_64 | 1.3.1 | 19.00 | 197.00 | 216.00 | OK |
Version: 1.3.1
Check: package dependencies
Result: NOTE
Packages suggested but not available for checking: 'xcms', 'MSnbase'
Flavors: r-oldrel-macos-arm64, r-oldrel-macos-x86_64