Last updated on 2025-11-14 00:50:56 CET.
| Flavor | Version | Tinstall | Tcheck | Ttotal | Status | Flags |
|---|---|---|---|---|---|---|
| r-devel-linux-x86_64-debian-clang | 0.0.3 | 41.89 | 33.43 | 75.32 | OK | |
| r-devel-linux-x86_64-debian-gcc | 0.0.3 | 31.07 | 25.78 | 56.85 | OK | |
| r-devel-linux-x86_64-fedora-clang | 0.0.3 | 81.00 | 32.64 | 113.64 | OK | |
| r-devel-linux-x86_64-fedora-gcc | 0.0.3 | 143.00 | -30.51 | 112.49 | OK | |
| r-devel-windows-x86_64 | 0.0.3 | 35.00 | 51.00 | 86.00 | OK | |
| r-patched-linux-x86_64 | 0.0.3 | 41.28 | 32.01 | 73.29 | OK | |
| r-release-linux-x86_64 | 0.0.3 | 39.77 | 32.51 | 72.28 | OK | |
| r-release-macos-arm64 | 0.0.3 | 24.00 | 22.00 | 46.00 | OK | |
| r-release-macos-x86_64 | 0.0.3 | 53.00 | 41.00 | 94.00 | OK | |
| r-release-windows-x86_64 | 0.0.3 | 37.00 | 48.00 | 85.00 | OK | |
| r-oldrel-macos-arm64 | 0.0.3 | 25.00 | 20.00 | 45.00 | NOTE | |
| r-oldrel-macos-x86_64 | 0.0.3 | 34.00 | 32.00 | 66.00 | NOTE | |
| r-oldrel-windows-x86_64 | 0.0.3 | 38.00 | 51.00 | 89.00 | NOTE |
Version: 0.0.3
Check: installed package size
Result: NOTE
installed size is 13.4Mb
sub-directories of 1Mb or more:
data 13.3Mb
Flavors: r-oldrel-macos-arm64, r-oldrel-macos-x86_64, r-oldrel-windows-x86_64