Last updated on 2024-07-18 01:55:41 CEST.
Flavor | Version | Tinstall | Tcheck | Ttotal | Status | Flags |
---|---|---|---|---|---|---|
r-devel-linux-x86_64-debian-clang | 3.1-8 | 24.12 | 79.55 | 103.67 | NOTE | |
r-devel-linux-x86_64-debian-gcc | 3.1-8 | 18.58 | 58.72 | 77.30 | NOTE | |
r-devel-linux-x86_64-fedora-clang | 3.1-8 | 140.32 | NOTE | |||
r-devel-linux-x86_64-fedora-gcc | 3.1-8 | 139.73 | NOTE | |||
r-devel-windows-x86_64 | 3.1-8 | 22.00 | 94.00 | 116.00 | NOTE | |
r-patched-linux-x86_64 | 3.1-8 | 23.95 | 75.16 | 99.11 | NOTE | |
r-release-linux-x86_64 | 3.1-8 | 23.94 | 74.86 | 98.80 | NOTE | |
r-release-macos-arm64 | 3.1-8 | 42.00 | NOTE | |||
r-release-macos-x86_64 | 3.1-8 | 61.00 | NOTE | |||
r-release-windows-x86_64 | 3.1-8 | 23.00 | 94.00 | 117.00 | NOTE | |
r-oldrel-macos-arm64 | 3.1-8 | 49.00 | NOTE | |||
r-oldrel-macos-x86_64 | 3.1-8 | 68.00 | NOTE | |||
r-oldrel-windows-x86_64 | 3.1-8 | 31.00 | 108.00 | 139.00 | NOTE |
Version: 3.1-8
Check: C++ specification
Result: NOTE
Specified C++11: please drop specification unless essential
Flavors: r-devel-linux-x86_64-debian-clang, r-devel-linux-x86_64-debian-gcc, r-devel-linux-x86_64-fedora-clang, r-devel-linux-x86_64-fedora-gcc, r-devel-windows-x86_64, r-patched-linux-x86_64, r-release-linux-x86_64, r-release-macos-arm64, r-release-macos-x86_64, r-release-windows-x86_64, r-oldrel-macos-arm64, r-oldrel-macos-x86_64, r-oldrel-windows-x86_64