Last updated on 2024-08-16 12:49:19 CEST.
Flavor | Version | Tinstall | Tcheck | Ttotal | Status | Flags |
---|---|---|---|---|---|---|
r-devel-linux-x86_64-debian-clang | 1.4.7 | 54.47 | 52.22 | 106.69 | NOTE | |
r-devel-linux-x86_64-debian-gcc | 1.4.7 | 35.66 | 38.86 | 74.52 | NOTE | |
r-devel-linux-x86_64-fedora-clang | 1.4.7 | 210.82 | NOTE | |||
r-devel-linux-x86_64-fedora-gcc | 1.4.7 | 201.97 | NOTE | |||
r-devel-windows-x86_64 | 1.4.7 | 156.00 | 348.00 | 504.00 | NOTE | |
r-patched-linux-x86_64 | 1.4.7 | 52.91 | 49.07 | 101.98 | OK | |
r-release-linux-x86_64 | 1.4.7 | 50.49 | 50.09 | 100.58 | OK | |
r-release-macos-arm64 | 1.4.7 | 72.00 | NOTE | |||
r-release-macos-x86_64 | 1.4.7 | 79.00 | NOTE | |||
r-release-windows-x86_64 | 1.4.7 | 156.00 | 351.00 | 507.00 | NOTE | |
r-oldrel-macos-arm64 | 1.4.7 | 77.00 | NOTE | |||
r-oldrel-macos-x86_64 | 1.4.7 | 130.00 | NOTE | |||
r-oldrel-windows-x86_64 | 1.4.7 | 172.00 | 377.00 | 549.00 | NOTE |
Version: 1.4.7
Check: Rd cross-references
Result: NOTE
Found the following Rd file(s) with Rd \link{} targets missing package
anchors:
postgres-query.Rd: dbConnect, dbGetRowsAffected
postgres-tables.Rd: dbAppendTable, dbWriteTable, dbQuoteIdentifier,
SQL
postgresHasDefault.Rd: dbConnect
postgresIsTransacting.Rd: dbBegin
Please provide package anchors for all Rd \link{} targets not in the
package itself and the base packages.
Flavors: r-devel-linux-x86_64-debian-clang, r-devel-linux-x86_64-debian-gcc, r-devel-windows-x86_64
Version: 1.4.7
Check: compiled code
Result: NOTE
File ‘RPostgres/libs/RPostgres.so’:
Found non-API calls to R: ‘SETLENGTH’, ‘SET_GROWABLE_BIT’,
‘SET_TRUELENGTH’
Compiled code should not call non-API entry points in R.
See ‘Writing portable packages’ in the ‘Writing R Extensions’ manual,
and section ‘Moving into C API compliance’ for issues with the use of
non-API entry points.
Flavors: r-devel-linux-x86_64-debian-clang, r-devel-linux-x86_64-debian-gcc, r-devel-linux-x86_64-fedora-clang, r-devel-linux-x86_64-fedora-gcc
Version: 1.4.7
Check: installed package size
Result: NOTE
installed size is 6.5Mb
sub-directories of 1Mb or more:
libs 6.0Mb
Flavors: r-devel-windows-x86_64, r-release-macos-arm64, r-release-macos-x86_64, r-release-windows-x86_64, r-oldrel-macos-arm64, r-oldrel-macos-x86_64, r-oldrel-windows-x86_64
Version: 1.4.7
Check: compiled code
Result: NOTE
File 'RPostgres/libs/x64/RPostgres.dll':
Found non-API calls to R: 'SETLENGTH', 'SET_GROWABLE_BIT',
'SET_TRUELENGTH'
Compiled code should not call non-API entry points in R.
See 'Writing portable packages' in the 'Writing R Extensions' manual,
and section 'Moving into C API compliance' for issues with the use of
non-API entry points.
Flavor: r-devel-windows-x86_64