Last updated on 2024-07-18 01:55:42 CEST.
Flavor | Version | Tinstall | Tcheck | Ttotal | Status | Flags |
---|---|---|---|---|---|---|
r-devel-linux-x86_64-debian-clang | 0.4.22 | 726.37 | 60.27 | 786.64 | OK | |
r-devel-linux-x86_64-debian-gcc | 0.4.22 | 712.14 | 44.46 | 756.60 | OK | |
r-devel-linux-x86_64-fedora-gcc | 0.4.22 | 1755.83 | OK | |||
r-devel-windows-x86_64 | 0.4.22 | 795.00 | 122.00 | 917.00 | NOTE | |
r-patched-linux-x86_64 | 0.4.22 | 841.06 | 56.27 | 897.33 | OK | |
r-release-linux-x86_64 | 0.4.22 | 853.04 | 55.29 | 908.33 | OK | |
r-release-macos-arm64 | 0.4.22 | 212.00 | WARN | |||
r-release-macos-x86_64 | 0.4.22 | 180.00 | NOTE | |||
r-release-windows-x86_64 | 0.4.22 | 845.00 | 124.00 | 969.00 | NOTE | |
r-oldrel-macos-arm64 | 0.4.22 | 207.00 | WARN | |||
r-oldrel-macos-x86_64 | 0.4.22 | 237.00 | NOTE | |||
r-oldrel-windows-x86_64 | 0.4.22 | 1049.00 | 136.00 | 1185.00 | NOTE |
Version: 0.4.22
Check: installed package size
Result: NOTE
installed size is 14.2Mb
sub-directories of 1Mb or more:
libs 13.6Mb
Flavors: r-devel-windows-x86_64, r-release-macos-arm64, r-release-macos-x86_64, r-release-windows-x86_64, r-oldrel-macos-arm64, r-oldrel-macos-x86_64, r-oldrel-windows-x86_64
Version: 0.4.22
Check: whether package can be installed
Result: WARN
Found the following significant warnings:
/opt/R/arm64/include/boost/math/tools/config.hpp:23:6: warning: "The minimum language standard to use Boost.Math will be C++14 starting in July 2023 (Boost 1.82 release)" [-W#warnings]
# warning "The minimum language standard to use Boost.Math will be C++14 starting in July 2023 (Boost 1.82 release)"
See ‘/Volumes/Builds/packages/big-sur-arm64/results/4.4/RQuantLib.Rcheck/00install.out’ for details.
* used C++ compiler: ‘Apple clang version 14.0.0 (clang-1400.0.29.202)’
* used SDK: ‘MacOSX11.3.sdk’
Flavor: r-release-macos-arm64
Version: 0.4.22
Check: whether package can be installed
Result: WARN
Found the following significant warnings:
/opt/R/arm64/include/boost/math/tools/config.hpp:23:6: warning: "The minimum language standard to use Boost.Math will be C++14 starting in July 2023 (Boost 1.82 release)" [-W#warnings]
# warning "The minimum language standard to use Boost.Math will be C++14 starting in July 2023 (Boost 1.82 release)"
See ‘/Volumes/Builds/packages/big-sur-arm64/results/4.3/RQuantLib.Rcheck/00install.out’ for details.
* used C++ compiler: ‘Apple clang version 14.0.0 (clang-1400.0.29.202)’
* used SDK: ‘MacOSX11.3.sdk’
Flavor: r-oldrel-macos-arm64