Last updated on 2025-11-09 00:49:41 CET.
| Flavor | Version | Tinstall | Tcheck | Ttotal | Status | Flags |
|---|---|---|---|---|---|---|
| r-devel-linux-x86_64-debian-clang | 0.0.5 | 49.76 | 422.63 | 472.39 | OK | |
| r-devel-linux-x86_64-debian-gcc | 0.0.5 | 36.24 | 281.65 | 317.89 | OK | |
| r-devel-linux-x86_64-fedora-clang | 0.0.5 | 105.00 | 644.93 | 749.93 | OK | |
| r-devel-linux-x86_64-fedora-gcc | 0.0.5 | 102.00 | 649.67 | 751.67 | OK | |
| r-devel-windows-x86_64 | 0.0.5 | 44.00 | 317.00 | 361.00 | OK | |
| r-patched-linux-x86_64 | 0.0.5 | 43.38 | 395.62 | 439.00 | OK | |
| r-release-linux-x86_64 | 0.0.5 | 44.40 | 399.82 | 444.22 | OK | |
| r-release-macos-arm64 | 0.0.5 | 21.00 | 155.00 | 176.00 | OK | |
| r-release-macos-x86_64 | 0.0.5 | 41.00 | 317.00 | 358.00 | OK | |
| r-release-windows-x86_64 | 0.0.5 | 44.00 | 308.00 | 352.00 | OK | |
| r-oldrel-macos-arm64 | 0.0.5 | 17.00 | 146.00 | 163.00 | NOTE | |
| r-oldrel-macos-x86_64 | 0.0.5 | 41.00 | 323.00 | 364.00 | NOTE | |
| r-oldrel-windows-x86_64 | 0.0.5 | 62.00 | 450.00 | 512.00 | NOTE |
Version: 0.0.5
Check: package dependencies
Result: NOTE
Package suggested but not available for checking: ‘rnaturalearthhires’
Flavors: r-oldrel-macos-arm64, r-oldrel-macos-x86_64, r-oldrel-windows-x86_64