Last updated on 2024-08-16 12:49:17 CEST.
Flavor | Version | Tinstall | Tcheck | Ttotal | Status | Flags |
---|---|---|---|---|---|---|
r-devel-linux-x86_64-debian-clang | 1.2.9 | 301.27 | 518.73 | 820.00 | OK | |
r-devel-linux-x86_64-debian-gcc | 1.2.9 | 222.83 | 336.23 | 559.06 | OK | |
r-devel-linux-x86_64-fedora-clang | 1.2.9 | 1387.16 | NOTE | |||
r-devel-linux-x86_64-fedora-gcc | 1.2.9 | 1551.71 | OK | |||
r-devel-windows-x86_64 | 1.2.9 | 348.00 | 590.00 | 938.00 | NOTE | |
r-patched-linux-x86_64 | 1.2.9 | 306.62 | 509.80 | 816.42 | OK | |
r-release-linux-x86_64 | 1.2.9 | 308.46 | 508.18 | 816.64 | OK | |
r-release-macos-arm64 | 1.2.9 | 399.00 | NOTE | |||
r-release-macos-x86_64 | 1.2.9 | 527.00 | NOTE | |||
r-release-windows-x86_64 | 1.2.9 | 353.00 | 595.00 | 948.00 | NOTE | |
r-oldrel-macos-arm64 | 1.2.9 | 422.00 | NOTE | |||
r-oldrel-macos-x86_64 | 1.2.9 | 333.00 | NOTE | |||
r-oldrel-windows-x86_64 | 1.2.9 | 409.00 | 741.00 | 1150.00 | NOTE |
Version: 1.2.9
Check: installed package size
Result: NOTE
installed size is 10.8Mb
sub-directories of 1Mb or more:
doc 5.3Mb
htmlwidgets 1.8Mb
libs 1.5Mb
Flavors: r-devel-linux-x86_64-fedora-clang, r-devel-windows-x86_64, r-release-macos-arm64, r-release-macos-x86_64, r-release-windows-x86_64, r-oldrel-macos-arm64, r-oldrel-macos-x86_64, r-oldrel-windows-x86_64