Last updated on 2025-11-14 00:50:54 CET.
| Flavor | Version | Tinstall | Tcheck | Ttotal | Status | Flags |
|---|---|---|---|---|---|---|
| r-devel-linux-x86_64-debian-clang | 2.3.4 | 3.94 | 35.21 | 39.15 | OK | |
| r-devel-linux-x86_64-debian-gcc | 2.3.4 | 3.00 | 27.68 | 30.68 | OK | |
| r-devel-linux-x86_64-fedora-clang | 2.3.4 | 60.34 | OK | |||
| r-devel-linux-x86_64-fedora-gcc | 2.3.4 | 71.21 | OK | |||
| r-devel-windows-x86_64 | 2.3.4 | 7.00 | 56.00 | 63.00 | OK | |
| r-patched-linux-x86_64 | 2.3.4 | 3.58 | 33.71 | 37.29 | OK | |
| r-release-linux-x86_64 | 2.3.4 | 3.49 | 33.52 | 37.01 | OK | |
| r-release-macos-arm64 | 2.3.4 | 2.00 | 27.00 | 29.00 | OK | |
| r-release-macos-x86_64 | 2.3.4 | 3.00 | 56.00 | 59.00 | OK | |
| r-release-windows-x86_64 | 2.3.4 | 6.00 | 52.00 | 58.00 | OK | |
| r-oldrel-macos-arm64 | 2.3.4 | 2.00 | 27.00 | 29.00 | NOTE | |
| r-oldrel-macos-x86_64 | 2.3.4 | 2.00 | 39.00 | 41.00 | NOTE | |
| r-oldrel-windows-x86_64 | 2.3.4 | 7.00 | 63.00 | 70.00 | NOTE |
Version: 2.3.4
Check: LazyData
Result: NOTE
'LazyData' is specified without a 'data' directory
Flavors: r-oldrel-macos-arm64, r-oldrel-macos-x86_64, r-oldrel-windows-x86_64