Last updated on 2024-07-18 01:55:40 CEST.
Flavor | Version | Tinstall | Tcheck | Ttotal | Status | Flags |
---|---|---|---|---|---|---|
r-devel-linux-x86_64-debian-clang | 1.0.0 | 50.58 | 28.59 | 79.17 | OK | |
r-devel-linux-x86_64-debian-gcc | 1.0.0 | 34.26 | 22.47 | 56.73 | OK | |
r-devel-linux-x86_64-fedora-clang | 1.0.0 | 105.37 | OK | |||
r-devel-linux-x86_64-fedora-gcc | 1.0.0 | 122.44 | OK | |||
r-devel-windows-x86_64 | 1.0.0 | 37.00 | 68.00 | 105.00 | OK | |
r-patched-linux-x86_64 | 1.0.0 | 46.73 | 28.62 | 75.35 | OK | |
r-release-linux-x86_64 | 1.0.0 | 42.38 | 28.41 | 70.79 | OK | |
r-release-macos-arm64 | 1.0.0 | 28.00 | NOTE | |||
r-release-macos-x86_64 | 1.0.0 | 41.00 | NOTE | |||
r-release-windows-x86_64 | 1.0.0 | 37.00 | 68.00 | 105.00 | OK | |
r-oldrel-macos-arm64 | 1.0.0 | 37.00 | NOTE | |||
r-oldrel-macos-x86_64 | 1.0.0 | 48.00 | NOTE | |||
r-oldrel-windows-x86_64 | 1.0.0 | 45.00 | 73.00 | 118.00 | OK |
Version: 1.0.0
Check: installed package size
Result: NOTE
installed size is 14.7Mb
sub-directories of 1Mb or more:
libs 14.6Mb
Flavors: r-release-macos-arm64, r-release-macos-x86_64, r-oldrel-macos-arm64, r-oldrel-macos-x86_64