Last updated on 2025-11-08 12:50:33 CET.
| Flavor | Version | Tinstall | Tcheck | Ttotal | Status | Flags |
|---|---|---|---|---|---|---|
| r-devel-linux-x86_64-debian-clang | 0.3-8 | 2.29 | 25.03 | 27.32 | OK | --install=fake --no-examples --no-tests --no-vignettes |
| r-devel-linux-x86_64-debian-gcc | 0.3-8 | 1.54 | 20.06 | 21.60 | OK | --install=fake --no-examples --no-tests --no-vignettes |
| r-patched-linux-x86_64 | 0.3-8 | 2.12 | 23.81 | 25.93 | OK | --install=fake --no-examples --no-tests --no-vignettes |
| r-release-linux-x86_64 | 0.3-8 | 2.00 | 23.84 | 25.84 | OK | --install=fake --no-examples --no-tests --no-vignettes |
| r-release-macos-arm64 | 0.3-8 | 2.00 | 27.00 | 29.00 | ERROR | |
| r-release-macos-x86_64 | 0.3-8 | 4.00 | 6.00 | 10.00 | ERROR | |
| r-oldrel-macos-arm64 | 0.3-8 | 2.00 | 10.00 | 12.00 | ERROR | |
| r-oldrel-macos-x86_64 | 0.3-8 | 4.00 | 11.00 | 15.00 | ERROR | |
| r-oldrel-windows-x86_64 | 0.3-6 | 10.00 | 6.00 | 16.00 | ERROR |
Version: 0.3-8
Check: whether package can be installed
Result: ERROR
Installation failed.
Flavors: r-release-macos-arm64, r-release-macos-x86_64, r-oldrel-macos-arm64, r-oldrel-macos-x86_64
Version: 0.3-6
Check: whether package can be installed
Result: ERROR
Installation failed.
Flavor: r-oldrel-windows-x86_64