Last updated on 2024-07-18 01:55:40 CEST.
Flavor | Version | Tinstall | Tcheck | Ttotal | Status | Flags |
---|---|---|---|---|---|---|
r-devel-linux-x86_64-debian-clang | 0.6.0 | 38.84 | 53.71 | 92.55 | OK | |
r-devel-linux-x86_64-debian-gcc | 0.6.0 | 28.04 | 40.04 | 68.08 | OK | |
r-devel-linux-x86_64-fedora-clang | 0.6.0 | 123.33 | OK | |||
r-devel-linux-x86_64-fedora-gcc | 0.6.0 | 141.81 | OK | |||
r-devel-windows-x86_64 | 0.6.0 | 33.00 | 116.00 | 149.00 | OK | |
r-patched-linux-x86_64 | 0.6.0 | 36.34 | 52.30 | 88.64 | OK | |
r-release-linux-x86_64 | 0.6.0 | 41.01 | 51.41 | 92.42 | OK | |
r-release-macos-arm64 | 0.6.0 | 34.00 | NOTE | |||
r-release-macos-x86_64 | 0.6.0 | 52.00 | NOTE | |||
r-release-windows-x86_64 | 0.6.0 | 38.00 | 128.00 | 166.00 | OK | |
r-oldrel-macos-arm64 | 0.6.0 | 43.00 | NOTE | |||
r-oldrel-macos-x86_64 | 0.6.0 | 141.00 | NOTE | |||
r-oldrel-windows-x86_64 | 0.6.0 | 38.00 | 96.00 | 134.00 | OK |
Version: 0.6.0
Check: installed package size
Result: NOTE
installed size is 6.3Mb
sub-directories of 1Mb or more:
libs 6.1Mb
Flavors: r-release-macos-arm64, r-release-macos-x86_64, r-oldrel-macos-arm64, r-oldrel-macos-x86_64