Last updated on 2024-08-16 12:49:18 CEST.
Flavor | Version | Tinstall | Tcheck | Ttotal | Status | Flags |
---|---|---|---|---|---|---|
r-devel-linux-x86_64-debian-clang | 1.0.5 | 6.52 | 43.51 | 50.03 | OK | |
r-devel-linux-x86_64-debian-gcc | 1.0.5 | 5.74 | 34.31 | 40.05 | OK | |
r-devel-linux-x86_64-fedora-clang | 1.0.5 | 80.02 | NOTE | |||
r-devel-linux-x86_64-fedora-gcc | 1.0.5 | 89.14 | NOTE | |||
r-devel-windows-x86_64 | 1.0.5 | 8.00 | 62.00 | 70.00 | OK | |
r-patched-linux-x86_64 | 1.0.5 | 6.96 | 42.04 | 49.00 | OK | |
r-release-linux-x86_64 | 1.0.5 | 5.57 | 42.58 | 48.15 | OK | |
r-release-macos-arm64 | 1.0.5 | 39.00 | OK | |||
r-release-macos-x86_64 | 1.0.5 | 56.00 | OK | |||
r-release-windows-x86_64 | 1.0.5 | 8.00 | 63.00 | 71.00 | OK | |
r-oldrel-macos-arm64 | 1.0.5 | 47.00 | OK | |||
r-oldrel-macos-x86_64 | 1.0.5 | 57.00 | OK | |||
r-oldrel-windows-x86_64 | 1.0.5 | 11.00 | 71.00 | 82.00 | OK |
Version: 1.0.5
Check: dependencies in R code
Result: NOTE
Namespace in Imports field not imported from: ‘ggplot2’
All declared Imports should be used.
Flavors: r-devel-linux-x86_64-fedora-clang, r-devel-linux-x86_64-fedora-gcc