Last updated on 2024-07-18 01:55:41 CEST.
Flavor | Version | Tinstall | Tcheck | Ttotal | Status | Flags |
---|---|---|---|---|---|---|
r-devel-linux-x86_64-debian-clang | 0.2 | 4.37 | 48.24 | 52.61 | NOTE | |
r-devel-linux-x86_64-debian-gcc | 0.2 | 3.90 | 35.88 | 39.78 | NOTE | |
r-devel-linux-x86_64-fedora-clang | 0.2 | 68.94 | NOTE | |||
r-devel-linux-x86_64-fedora-gcc | 0.2 | 68.43 | NOTE | |||
r-devel-windows-x86_64 | 0.2 | 6.00 | 60.00 | 66.00 | NOTE | |
r-patched-linux-x86_64 | 0.2 | 5.43 | 45.59 | 51.02 | NOTE | |
r-release-linux-x86_64 | 0.2 | 3.63 | 46.06 | 49.69 | NOTE | |
r-release-macos-arm64 | 0.2 | 24.00 | NOTE | |||
r-release-macos-x86_64 | 0.2 | 33.00 | NOTE | |||
r-release-windows-x86_64 | 0.2 | 7.00 | 62.00 | 69.00 | NOTE | |
r-oldrel-macos-arm64 | 0.2 | 26.00 | NOTE | |||
r-oldrel-macos-x86_64 | 0.2 | 36.00 | NOTE | |||
r-oldrel-windows-x86_64 | 0.2 | 8.00 | 67.00 | 75.00 | NOTE |
Version: 0.2
Check: LazyData
Result: NOTE
'LazyData' is specified without a 'data' directory
Flavors: r-devel-linux-x86_64-debian-clang, r-devel-linux-x86_64-debian-gcc, r-devel-linux-x86_64-fedora-clang, r-devel-linux-x86_64-fedora-gcc, r-devel-windows-x86_64, r-patched-linux-x86_64, r-release-linux-x86_64, r-release-macos-arm64, r-release-macos-x86_64, r-release-windows-x86_64, r-oldrel-macos-arm64, r-oldrel-macos-x86_64, r-oldrel-windows-x86_64