CRAN Package Check Results for Package RonFHIR

Last updated on 2025-07-08 13:49:19 CEST.

Flavor Version Tinstall Tcheck Ttotal Status Flags
r-devel-linux-x86_64-debian-clang 0.4.0 4.94 27.71 32.65 OK
r-devel-linux-x86_64-debian-gcc 0.4.0 3.77 22.22 25.99 OK
r-devel-linux-x86_64-fedora-clang 0.4.0 49.35 OK
r-devel-linux-x86_64-fedora-gcc 0.4.0 46.90 OK
r-devel-windows-x86_64 0.4.0 7.00 45.00 52.00 OK
r-patched-linux-x86_64 0.4.0 5.66 25.40 31.06 OK
r-release-linux-x86_64 0.4.0 4.75 24.96 29.71 OK
r-release-macos-arm64 0.4.0 22.00 OK
r-release-macos-x86_64 0.4.0 35.00 OK
r-release-windows-x86_64 0.4.0 7.00 45.00 52.00 OK
r-oldrel-macos-arm64 0.4.0 18.00 NOTE
r-oldrel-macos-x86_64 0.4.0 28.00 NOTE
r-oldrel-windows-x86_64 0.4.0 9.00 51.00 60.00 NOTE

Check Details

Version: 0.4.0
Check: LazyData
Result: NOTE 'LazyData' is specified without a 'data' directory Flavors: r-oldrel-macos-arm64, r-oldrel-macos-x86_64, r-oldrel-windows-x86_64