Last updated on 2025-11-13 12:54:22 CET.
| Flavor | Version | Tinstall | Tcheck | Ttotal | Status | Flags |
|---|---|---|---|---|---|---|
| r-devel-linux-x86_64-debian-clang | 0.0.1 | 34.30 | 551.23 | 585.53 | NOTE | |
| r-devel-linux-x86_64-debian-gcc | 0.0.1 | 25.03 | 368.86 | 393.89 | NOTE | |
| r-devel-linux-x86_64-fedora-clang | 0.0.1 | 82.00 | 843.21 | 925.21 | NOTE | |
| r-devel-linux-x86_64-fedora-gcc | 0.0.1 | 78.00 | 850.47 | 928.47 | NOTE | |
| r-devel-windows-x86_64 | 0.0.1 | 35.00 | 467.00 | 502.00 | NOTE | |
| r-patched-linux-x86_64 | 0.0.1 | 33.95 | 527.96 | 561.91 | NOTE | |
| r-release-linux-x86_64 | 0.0.1 | 35.64 | 523.28 | 558.92 | NOTE | |
| r-release-macos-arm64 | 0.0.1 | 13.00 | 213.00 | 226.00 | NOTE | |
| r-release-macos-x86_64 | 0.0.1 | 29.00 | 486.00 | 515.00 | NOTE | |
| r-release-windows-x86_64 | 0.0.1 | 34.00 | 454.00 | 488.00 | NOTE | |
| r-oldrel-macos-arm64 | 0.0.1 | 13.00 | 208.00 | 221.00 | OK | |
| r-oldrel-macos-x86_64 | 0.0.1 | 30.00 | 310.00 | 340.00 | OK | |
| r-oldrel-windows-x86_64 | 0.0.1 | 46.00 | 649.00 | 695.00 | OK |
Version: 0.0.1
Check: DESCRIPTION meta-information
Result: NOTE
Missing dependency on R >= 4.1.0 because package code uses the pipe
|> or function shorthand \(...) syntax added in R 4.1.0.
File(s) using such syntax:
‘fit_density_ratio.R’ ‘fit_plug_and_play.R’
Flavors: r-devel-linux-x86_64-debian-clang, r-devel-linux-x86_64-debian-gcc, r-devel-linux-x86_64-fedora-clang, r-devel-linux-x86_64-fedora-gcc, r-devel-windows-x86_64, r-patched-linux-x86_64, r-release-linux-x86_64, r-release-macos-arm64, r-release-macos-x86_64, r-release-windows-x86_64