Last updated on 2024-08-16 12:49:20 CEST.
Flavor | Version | Tinstall | Tcheck | Ttotal | Status | Flags |
---|---|---|---|---|---|---|
r-devel-linux-x86_64-debian-clang | 1.3.1 | 64.29 | 335.99 | 400.28 | NOTE | |
r-devel-linux-x86_64-debian-gcc | 1.3.1 | 43.56 | 212.38 | 255.94 | NOTE | |
r-devel-linux-x86_64-fedora-clang | 1.3.1 | 655.95 | OK | |||
r-devel-linux-x86_64-fedora-gcc | 1.3.1 | 670.71 | OK | |||
r-devel-windows-x86_64 | 1.3.1 | 68.00 | 315.00 | 383.00 | NOTE | |
r-patched-linux-x86_64 | 1.3.1 | 63.61 | 305.88 | 369.49 | OK | |
r-release-linux-x86_64 | 1.3.1 | 64.28 | 307.54 | 371.82 | OK | |
r-release-macos-arm64 | 1.3.1 | 161.00 | OK | |||
r-release-macos-x86_64 | 1.3.1 | 252.00 | OK | |||
r-release-windows-x86_64 | 1.3.1 | 67.00 | 309.00 | 376.00 | OK | |
r-oldrel-macos-arm64 | 1.3.1 | 150.00 | OK | |||
r-oldrel-macos-x86_64 | 1.3.1 | 414.00 | OK | |||
r-oldrel-windows-x86_64 | 1.3.1 | 85.00 | 406.00 | 491.00 | OK |
Version: 1.3.1
Check: Rd cross-references
Result: NOTE
Found the following Rd file(s) with Rd \link{} targets missing package
anchors:
ANN-class.Rd: nnet
BRT-class.Rd: gbm
RF-class.Rd: randomForest
SDMmodel2MaxEnt.Rd: MaxEnt-class
Please provide package anchors for all Rd \link{} targets not in the
package itself and the base packages.
Flavors: r-devel-linux-x86_64-debian-clang, r-devel-linux-x86_64-debian-gcc, r-devel-windows-x86_64