Last updated on 2024-07-18 01:55:43 CEST.
Flavor | Version | Tinstall | Tcheck | Ttotal | Status | Flags |
---|---|---|---|---|---|---|
r-devel-linux-x86_64-debian-clang | 1.1.2 | 13.54 | 124.63 | 138.17 | OK | |
r-devel-linux-x86_64-debian-gcc | 1.1.2 | 10.92 | 91.15 | 102.07 | OK | |
r-devel-linux-x86_64-fedora-clang | 1.1.2 | 174.52 | NOTE | |||
r-devel-linux-x86_64-fedora-gcc | 1.1.2 | 180.10 | NOTE | |||
r-devel-windows-x86_64 | 1.1.2 | 14.00 | 103.00 | 117.00 | OK | |
r-patched-linux-x86_64 | 1.1.2 | 14.00 | 118.79 | 132.79 | OK | |
r-release-linux-x86_64 | 1.1.2 | 10.08 | 119.34 | 129.42 | OK | |
r-release-macos-arm64 | 1.1.2 | 43.00 | OK | |||
r-release-macos-x86_64 | 1.1.2 | 69.00 | OK | |||
r-release-windows-x86_64 | 1.1.2 | 15.00 | 103.00 | 118.00 | OK | |
r-oldrel-macos-arm64 | 1.1.2 | 51.00 | OK | |||
r-oldrel-macos-x86_64 | 1.1.2 | 84.00 | OK | |||
r-oldrel-windows-x86_64 | 1.1.2 | 18.00 | 128.00 | 146.00 | OK |
Version: 1.1.2
Check: dependencies in R code
Result: NOTE
Namespace in Imports field not imported from: ‘rlist’
All declared Imports should be used.
Flavors: r-devel-linux-x86_64-fedora-clang, r-devel-linux-x86_64-fedora-gcc