Last updated on 2024-08-16 12:49:21 CEST.
Flavor | Version | Tinstall | Tcheck | Ttotal | Status | Flags |
---|---|---|---|---|---|---|
r-devel-linux-x86_64-debian-clang | 0.2.9 | 54.25 | 465.08 | 519.33 | OK | |
r-devel-linux-x86_64-debian-gcc | 0.2.9 | 36.81 | 319.61 | 356.42 | OK | |
r-devel-linux-x86_64-fedora-clang | 0.2.9 | 854.40 | NOTE | |||
r-devel-linux-x86_64-fedora-gcc | 0.2.9 | 833.68 | OK | |||
r-devel-windows-x86_64 | 0.2.9 | 54.00 | 401.00 | 455.00 | OK | |
r-patched-linux-x86_64 | 0.2.9 | 52.19 | 429.55 | 481.74 | OK | |
r-release-linux-x86_64 | 0.2.9 | 52.27 | 432.20 | 484.47 | OK | |
r-release-macos-arm64 | 0.2.9 | 212.00 | OK | |||
r-release-macos-x86_64 | 0.2.9 | 337.00 | OK | |||
r-release-windows-x86_64 | 0.2.9 | 54.00 | 408.00 | 462.00 | OK | |
r-oldrel-macos-arm64 | 0.2.9 | 235.00 | OK | |||
r-oldrel-macos-x86_64 | 0.2.9 | 490.00 | OK | |||
r-oldrel-windows-x86_64 | 0.2.9 | 68.00 | 558.00 | 626.00 | OK |
Version: 0.2.9
Check: package dependencies
Result: NOTE
Imports includes 24 non-default packages.
Importing from so many packages makes the package vulnerable to any of
them becoming unavailable. Move as many as possible to Suggests and
use conditionally.
Flavor: r-devel-linux-x86_64-fedora-clang